Last updated on 2022-08-15 08:50:02 CEST.
Flavor | Version | Tinstall | Tcheck | Ttotal | Status | Flags |
---|---|---|---|---|---|---|
r-devel-linux-x86_64-debian-clang | 0.1.2 | 8.16 | 189.01 | 197.17 | OK | |
r-devel-linux-x86_64-debian-gcc | 0.1.2 | 6.02 | 136.50 | 142.52 | OK | |
r-devel-linux-x86_64-fedora-clang | 0.1.2 | 234.72 | NOTE | |||
r-devel-linux-x86_64-fedora-gcc | 0.1.2 | 246.52 | NOTE | |||
r-devel-windows-x86_64 | 0.1.2 | 34.00 | 211.00 | 245.00 | OK | |
r-patched-linux-x86_64 | 0.1.2 | 8.47 | 176.24 | 184.71 | OK | |
r-release-linux-x86_64 | 0.1.2 | 7.26 | 171.79 | 179.05 | OK | |
r-release-macos-arm64 | 0.1.2 | 61.00 | NOTE | |||
r-release-macos-x86_64 | 0.1.2 | 104.00 | NOTE | |||
r-release-windows-x86_64 | 0.1.2 | 30.00 | 206.00 | 236.00 | OK | |
r-oldrel-macos-arm64 | 0.1.2 | 72.00 | NOTE | |||
r-oldrel-macos-x86_64 | 0.1.2 | 75.00 | NOTE | |||
r-oldrel-windows-ix86+x86_64 | 0.1.2 | 20.00 | 211.00 | 231.00 | OK |
Version: 0.1.2
Check: dependencies in R code
Result: NOTE
Namespace in Imports field not imported from: ‘ez’
All declared Imports should be used.
Flavors: r-devel-linux-x86_64-fedora-clang, r-devel-linux-x86_64-fedora-gcc, r-release-macos-arm64, r-release-macos-x86_64, r-oldrel-macos-arm64, r-oldrel-macos-x86_64