Last updated on 2022-08-15 08:50:02 CEST.
Flavor | Version | Tinstall | Tcheck | Ttotal | Status | Flags |
---|---|---|---|---|---|---|
r-devel-linux-x86_64-debian-clang | 4.0.1 | 670.71 | 55.72 | 726.43 | OK | |
r-devel-linux-x86_64-debian-gcc | 4.0.1 | 753.15 | 43.12 | 796.27 | OK | |
r-devel-linux-x86_64-fedora-clang | 4.0.1 | 1192.55 | NOTE | |||
r-devel-linux-x86_64-fedora-gcc | 4.0.1 | 1290.45 | OK | |||
r-devel-windows-x86_64 | 4.0.1 | 803.00 | 140.00 | 943.00 | OK | |
r-patched-linux-x86_64 | 4.0.1 | 771.82 | 55.14 | 826.96 | OK | |
r-release-linux-x86_64 | 4.0.1 | 759.85 | 55.37 | 815.22 | OK | |
r-release-macos-arm64 | 4.0.1 | 307.00 | NOTE | |||
r-release-macos-x86_64 | 4.0.1 | 406.00 | NOTE | |||
r-release-windows-x86_64 | 4.0.1 | 721.00 | 144.00 | 865.00 | OK | |
r-oldrel-macos-arm64 | 4.0.1 | 266.00 | NOTE | |||
r-oldrel-macos-x86_64 | 4.0.1 | 435.00 | NOTE | |||
r-oldrel-windows-ix86+x86_64 | 4.0.1 | 1874.00 | 145.00 | 2019.00 | NOTE |
Version: 4.0.1
Check: installed package size
Result: NOTE
installed size is 5.1Mb
sub-directories of 1Mb or more:
libs 4.9Mb
Flavors: r-devel-linux-x86_64-fedora-clang, r-release-macos-arm64, r-release-macos-x86_64, r-oldrel-macos-arm64, r-oldrel-macos-x86_64, r-oldrel-windows-ix86+x86_64