Last updated on 2022-08-15 08:50:02 CEST.
Flavor | Version | Tinstall | Tcheck | Ttotal | Status | Flags |
---|---|---|---|---|---|---|
r-devel-linux-x86_64-debian-clang | 1.2.3 | 2.66 | 28.88 | 31.54 | OK | |
r-devel-linux-x86_64-debian-gcc | 1.2.3 | 2.23 | 22.57 | 24.80 | OK | |
r-devel-linux-x86_64-fedora-clang | 1.2.3 | 49.63 | NOTE | |||
r-devel-linux-x86_64-fedora-gcc | 1.2.3 | 47.90 | OK | |||
r-devel-windows-x86_64 | 1.2.3 | 14.00 | 52.00 | 66.00 | OK | |
r-patched-linux-x86_64 | 1.2.3 | 2.68 | 27.16 | 29.84 | OK | |
r-release-linux-x86_64 | 1.2.3 | 2.78 | 27.83 | 30.61 | OK | |
r-release-macos-arm64 | 1.2.3 | 17.00 | OK | |||
r-release-macos-x86_64 | 1.2.3 | 25.00 | OK | |||
r-release-windows-x86_64 | 1.2.3 | 25.00 | 51.00 | 76.00 | OK | |
r-oldrel-macos-arm64 | 1.2.3 | 24.00 | OK | |||
r-oldrel-macos-x86_64 | 1.2.3 | 30.00 | OK | |||
r-oldrel-windows-ix86+x86_64 | 1.2.3 | 7.00 | 47.00 | 54.00 | OK |
Version: 1.2.3
Check: Rd cross-references
Result: NOTE
Undeclared package ‘lfe’ in Rd xrefs
Flavor: r-devel-linux-x86_64-fedora-clang