Last updated on 2022-08-15 08:50:02 CEST.
Flavor | Version | Tinstall | Tcheck | Ttotal | Status | Flags |
---|---|---|---|---|---|---|
r-devel-linux-x86_64-debian-clang | 1.2.2 | 11.68 | 152.42 | 164.10 | NOTE | |
r-devel-linux-x86_64-debian-gcc | 1.2.2 | 9.50 | 113.61 | 123.11 | NOTE | |
r-devel-linux-x86_64-fedora-clang | 1.2.2 | 203.92 | NOTE | |||
r-devel-linux-x86_64-fedora-gcc | 1.2.2 | 200.14 | NOTE | |||
r-devel-windows-x86_64 | 1.2.2 | 24.00 | 177.00 | 201.00 | NOTE | |
r-patched-linux-x86_64 | 1.2.2 | 12.02 | 140.55 | 152.57 | OK | |
r-release-linux-x86_64 | 1.2.2 | 10.34 | 143.09 | 153.43 | OK | |
r-release-macos-arm64 | 1.2.2 | 65.00 | NOTE | |||
r-release-macos-x86_64 | 1.2.2 | 118.00 | NOTE | |||
r-release-windows-x86_64 | 1.2.2 | 18.00 | 187.00 | 205.00 | OK | |
r-oldrel-macos-arm64 | 1.2.2 | 48.00 | NOTE | |||
r-oldrel-macos-x86_64 | 1.2.2 | 79.00 | NOTE | |||
r-oldrel-windows-ix86+x86_64 | 1.2.2 | 29.00 | 171.00 | 200.00 | OK |
Version: 1.2.2
Check: Rd files
Result: NOTE
checkRd: (-1) bal.Rd:156: Escaped LaTeX specials: \&
Flavors: r-devel-linux-x86_64-debian-clang, r-devel-linux-x86_64-debian-gcc, r-devel-linux-x86_64-fedora-clang, r-devel-linux-x86_64-fedora-gcc, r-devel-windows-x86_64
Version: 1.2.2
Check: dependencies in R code
Result: NOTE
Namespace in Imports field not imported from: ‘Rdpack’
All declared Imports should be used.
Flavors: r-devel-linux-x86_64-fedora-clang, r-devel-linux-x86_64-fedora-gcc, r-release-macos-arm64, r-release-macos-x86_64, r-oldrel-macos-arm64, r-oldrel-macos-x86_64