Last updated on 2022-08-15 08:50:02 CEST.
Flavor | Version | Tinstall | Tcheck | Ttotal | Status | Flags |
---|---|---|---|---|---|---|
r-devel-linux-x86_64-debian-clang | 0.1.5 | 4.17 | 37.62 | 41.79 | OK | |
r-devel-linux-x86_64-debian-gcc | 0.1.5 | 4.34 | 28.43 | 32.77 | OK | |
r-devel-linux-x86_64-fedora-clang | 0.1.5 | 64.00 | NOTE | |||
r-devel-linux-x86_64-fedora-gcc | 0.1.5 | 63.05 | OK | |||
r-devel-windows-x86_64 | 0.1.5 | 16.00 | 71.00 | 87.00 | OK | |
r-patched-linux-x86_64 | 0.1.5 | 5.15 | 35.21 | 40.36 | OK | |
r-release-linux-x86_64 | 0.1.5 | 4.72 | 35.83 | 40.55 | OK | |
r-release-macos-arm64 | 0.1.5 | 19.00 | OK | |||
r-release-macos-x86_64 | 0.1.5 | 28.00 | OK | |||
r-release-windows-x86_64 | 0.1.5 | 18.00 | 69.00 | 87.00 | OK | |
r-oldrel-macos-arm64 | 0.1.5 | 25.00 | OK | |||
r-oldrel-macos-x86_64 | 0.1.5 | 38.00 | OK | |||
r-oldrel-windows-ix86+x86_64 | 0.1.5 | 13.00 | 89.00 | 102.00 | OK |
Version: 0.1.5
Check: Rd cross-references
Result: NOTE
Undeclared package ‘mev’ in Rd xrefs
Flavor: r-devel-linux-x86_64-fedora-clang