Last updated on 2022-08-15 08:50:02 CEST.
Flavor | Version | Tinstall | Tcheck | Ttotal | Status | Flags |
---|---|---|---|---|---|---|
r-devel-linux-x86_64-debian-clang | 0.1-10 | 3.84 | 215.04 | 218.88 | OK | |
r-devel-linux-x86_64-debian-gcc | 0.1-10 | 3.26 | 156.33 | 159.59 | OK | |
r-devel-linux-x86_64-fedora-clang | 0.1-10 | 257.12 | NOTE | |||
r-devel-linux-x86_64-fedora-gcc | 0.1-10 | 263.15 | OK | |||
r-devel-windows-x86_64 | 0.1-10 | 12.00 | 259.00 | 271.00 | OK | |
r-patched-linux-x86_64 | 0.1-10 | 5.19 | 202.07 | 207.26 | OK | |
r-release-linux-x86_64 | 0.1-10 | 3.03 | 201.27 | 204.30 | OK | |
r-release-macos-arm64 | 0.1-10 | 69.00 | OK | |||
r-release-macos-x86_64 | 0.1-10 | 94.00 | OK | |||
r-release-windows-x86_64 | 0.1-10 | 14.00 | 258.00 | 272.00 | OK | |
r-oldrel-macos-arm64 | 0.1-10 | 89.00 | OK | |||
r-oldrel-macos-x86_64 | 0.1-10 | 140.00 | OK | |||
r-oldrel-windows-ix86+x86_64 | 0.1-10 | 11.00 | 270.00 | 281.00 | OK |
Version: 0.1-10
Check: Rd cross-references
Result: NOTE
Undeclared package ‘sampleSelection’ in Rd xrefs
Flavor: r-devel-linux-x86_64-fedora-clang