Last updated on 2022-08-15 08:50:02 CEST.
Flavor | Version | Tinstall | Tcheck | Ttotal | Status | Flags |
---|---|---|---|---|---|---|
r-devel-linux-x86_64-debian-clang | 1.1.1 | 15.67 | 210.88 | 226.55 | OK | |
r-devel-linux-x86_64-debian-gcc | 1.1.1 | 12.10 | 154.90 | 167.00 | OK | |
r-devel-linux-x86_64-fedora-clang | 1.1.1 | 277.44 | NOTE | |||
r-devel-linux-x86_64-fedora-gcc | 1.1.1 | 275.46 | OK | |||
r-devel-windows-x86_64 | 1.1.1 | 40.00 | 252.00 | 292.00 | OK | |
r-patched-linux-x86_64 | 1.1.1 | 15.70 | 196.66 | 212.36 | OK | |
r-release-linux-x86_64 | 1.1.1 | 14.39 | 197.07 | 211.46 | OK | |
r-release-macos-arm64 | 1.1.1 | 83.00 | OK | |||
r-release-macos-x86_64 | 1.1.1 | 104.00 | OK | |||
r-release-windows-x86_64 | 1.1.1 | 38.00 | 250.00 | 288.00 | OK | |
r-oldrel-macos-arm64 | 1.1.1 | 101.00 | OK | |||
r-oldrel-macos-x86_64 | 1.1.1 | 157.00 | OK | |||
r-oldrel-windows-ix86+x86_64 | 1.1.1 | 31.00 | 355.00 | 386.00 | OK |
Version: 1.1.1
Check: Rd cross-references
Result: NOTE
Undeclared package ‘VGAM’ in Rd xrefs
Flavor: r-devel-linux-x86_64-fedora-clang