Last updated on 2022-08-15 08:50:02 CEST.
Flavor | Version | Tinstall | Tcheck | Ttotal | Status | Flags |
---|---|---|---|---|---|---|
r-devel-linux-x86_64-debian-clang | 2.1.1 | 4.21 | 49.67 | 53.88 | NOTE | |
r-devel-linux-x86_64-debian-gcc | 2.1.1 | 4.22 | 38.27 | 42.49 | NOTE | |
r-devel-linux-x86_64-fedora-clang | 2.1.1 | 78.13 | NOTE | |||
r-devel-linux-x86_64-fedora-gcc | 2.1.1 | 75.44 | NOTE | |||
r-devel-windows-x86_64 | 2.1.1 | 35.00 | 71.00 | 106.00 | NOTE | |
r-patched-linux-x86_64 | 2.1.1 | 7.51 | 48.47 | 55.98 | OK | |
r-release-linux-x86_64 | 2.1.1 | 5.43 | 48.50 | 53.93 | OK | |
r-release-macos-arm64 | 2.1.1 | 24.00 | OK | |||
r-release-macos-x86_64 | 2.1.1 | 31.00 | OK | |||
r-release-windows-x86_64 | 2.1.1 | 65.00 | 73.00 | 138.00 | OK | |
r-oldrel-macos-arm64 | 2.1.1 | 27.00 | OK | |||
r-oldrel-macos-x86_64 | 2.1.1 | 35.00 | OK | |||
r-oldrel-windows-ix86+x86_64 | 2.1.1 | 11.00 | 74.00 | 85.00 | OK |
Version: 2.1.1
Check: Rd files
Result: NOTE
checkRd: (-1) pkb.Rd:14: Escaped LaTeX specials: \# \# \#
Flavors: r-devel-linux-x86_64-debian-clang, r-devel-linux-x86_64-debian-gcc, r-devel-linux-x86_64-fedora-clang, r-devel-linux-x86_64-fedora-gcc, r-devel-windows-x86_64