Last updated on 2022-08-15 08:50:02 CEST.
Flavor | Version | Tinstall | Tcheck | Ttotal | Status | Flags |
---|---|---|---|---|---|---|
r-devel-linux-x86_64-debian-clang | 0.1.6 | 138.37 | 96.00 | 234.37 | OK | |
r-devel-linux-x86_64-debian-gcc | 0.1.6 | 103.40 | 74.69 | 178.09 | OK | |
r-devel-linux-x86_64-fedora-clang | 0.1.6 | 309.46 | NOTE | |||
r-devel-linux-x86_64-fedora-gcc | 0.1.6 | 296.41 | NOTE | |||
r-devel-windows-x86_64 | 0.1.6 | 135.00 | 150.00 | 285.00 | OK | |
r-patched-linux-x86_64 | 0.1.6 | 105.23 | 93.11 | 198.34 | OK | |
r-release-linux-x86_64 | 0.1.6 | 121.55 | 92.99 | 214.54 | OK | |
r-release-macos-arm64 | 0.1.6 | 107.00 | NOTE | |||
r-release-macos-x86_64 | 0.1.6 | 140.00 | NOTE | |||
r-release-windows-x86_64 | 0.1.6 | 138.00 | 151.00 | 289.00 | OK | |
r-oldrel-macos-arm64 | 0.1.6 | 87.00 | NOTE | |||
r-oldrel-macos-x86_64 | 0.1.6 | 136.00 | NOTE | |||
r-oldrel-windows-ix86+x86_64 | 0.1.6 | 324.00 | 230.00 | 554.00 | NOTE |
Version: 0.1.6
Check: package dependencies
Result: NOTE
Packages suggested but not available for checking: 'BioNet', 'DLBCL'
Flavors: r-devel-linux-x86_64-fedora-clang, r-devel-linux-x86_64-fedora-gcc
Version: 0.1.6
Check: installed package size
Result: NOTE
installed size is 9.8Mb
sub-directories of 1Mb or more:
java 2.5Mb
libs 6.8Mb
Flavors: r-release-macos-arm64, r-release-macos-x86_64, r-oldrel-macos-arm64, r-oldrel-macos-x86_64, r-oldrel-windows-ix86+x86_64