Last updated on 2022-08-15 08:50:02 CEST.
Flavor | Version | Tinstall | Tcheck | Ttotal | Status | Flags |
---|---|---|---|---|---|---|
r-devel-linux-x86_64-debian-clang | 0.1.1 | 12.93 | 85.70 | 98.63 | OK | |
r-devel-linux-x86_64-debian-gcc | 0.1.1 | 8.60 | 67.26 | 75.86 | OK | |
r-devel-linux-x86_64-fedora-clang | 0.1.1 | 129.95 | NOTE | |||
r-devel-linux-x86_64-fedora-gcc | 0.1.1 | 127.53 | NOTE | |||
r-devel-windows-x86_64 | 0.1.1 | 25.00 | 109.00 | 134.00 | OK | |
r-patched-linux-x86_64 | 0.1.1 | 9.73 | 83.19 | 92.92 | OK | |
r-release-linux-x86_64 | 0.1.1 | 9.39 | 84.49 | 93.88 | OK | |
r-release-macos-arm64 | 0.1.1 | 36.00 | NOTE | |||
r-release-macos-x86_64 | 0.1.1 | 50.00 | NOTE | |||
r-release-windows-x86_64 | 0.1.1 | 20.00 | 108.00 | 128.00 | OK | |
r-oldrel-macos-arm64 | 0.1.1 | 43.00 | NOTE | |||
r-oldrel-macos-x86_64 | 0.1.1 | 74.00 | NOTE | |||
r-oldrel-windows-ix86+x86_64 | 0.1.1 | 26.00 | 103.00 | 129.00 | OK |
Version: 0.1.1
Check: dependencies in R code
Result: NOTE
Namespaces in Imports field not imported from:
‘Deriv’ ‘compiler’ ‘stringi’
All declared Imports should be used.
Flavors: r-devel-linux-x86_64-fedora-clang, r-devel-linux-x86_64-fedora-gcc, r-release-macos-arm64, r-release-macos-x86_64, r-oldrel-macos-arm64, r-oldrel-macos-x86_64