Last updated on 2022-08-15 08:50:02 CEST.
Flavor | Version | Tinstall | Tcheck | Ttotal | Status | Flags |
---|---|---|---|---|---|---|
r-devel-linux-x86_64-debian-clang | 0.4.5 | 5.50 | 103.99 | 109.49 | OK | |
r-devel-linux-x86_64-debian-gcc | 0.4.5 | 4.43 | 79.40 | 83.83 | OK | |
r-devel-linux-x86_64-fedora-clang | 0.4.5 | 138.79 | NOTE | |||
r-devel-linux-x86_64-fedora-gcc | 0.4.5 | 134.73 | OK | |||
r-devel-windows-x86_64 | 0.4.5 | 23.00 | 149.00 | 172.00 | NOTE | |
r-patched-linux-x86_64 | 0.4.5 | 6.37 | 99.06 | 105.43 | OK | |
r-release-linux-x86_64 | 0.4.5 | 5.93 | 100.59 | 106.52 | OK | |
r-release-macos-arm64 | 0.4.5 | 63.00 | NOTE | |||
r-release-macos-x86_64 | 0.4.5 | 113.00 | NOTE | |||
r-release-windows-x86_64 | 0.4.5 | 28.00 | 148.00 | 176.00 | NOTE | |
r-oldrel-macos-arm64 | 0.4.5 | 85.00 | NOTE | |||
r-oldrel-macos-x86_64 | 0.4.5 | 69.00 | NOTE | |||
r-oldrel-windows-ix86+x86_64 | 0.4.5 | 16.00 | 146.00 | 162.00 | NOTE |
Version: 0.4.5
Check: installed package size
Result: NOTE
installed size is 6.4Mb
sub-directories of 1Mb or more:
doc 5.4Mb
Flavors: r-devel-linux-x86_64-fedora-clang, r-devel-windows-x86_64, r-release-macos-arm64, r-release-macos-x86_64, r-release-windows-x86_64, r-oldrel-macos-arm64, r-oldrel-macos-x86_64, r-oldrel-windows-ix86+x86_64