Last updated on 2022-08-15 08:50:02 CEST.
Flavor | Version | Tinstall | Tcheck | Ttotal | Status | Flags |
---|---|---|---|---|---|---|
r-devel-linux-x86_64-debian-clang | 2.17.1 | 26.28 | 90.14 | 116.42 | NOTE | |
r-devel-linux-x86_64-debian-gcc | 2.17.1 | 21.26 | 68.34 | 89.60 | NOTE | |
r-devel-linux-x86_64-fedora-clang | 2.17.1 | 162.59 | NOTE | |||
r-devel-linux-x86_64-fedora-gcc | 2.17.1 | 146.96 | NOTE | |||
r-devel-windows-x86_64 | 2.17.1 | 51.00 | 130.00 | 181.00 | NOTE | |
r-patched-linux-x86_64 | 2.17.1 | 23.33 | 83.55 | 106.88 | NOTE | |
r-release-linux-x86_64 | 2.17.1 | 22.01 | 85.70 | 107.71 | NOTE | |
r-release-macos-arm64 | 2.17.1 | 44.00 | NOTE | |||
r-release-macos-x86_64 | 2.17.1 | 60.00 | NOTE | |||
r-release-windows-x86_64 | 2.17.1 | 63.00 | 128.00 | 191.00 | NOTE | |
r-oldrel-macos-arm64 | 2.17.1 | 51.00 | NOTE | |||
r-oldrel-macos-x86_64 | 2.17.1 | 87.00 | NOTE | |||
r-oldrel-windows-ix86+x86_64 | 2.17.1 | 64.00 | 150.00 | 214.00 | NOTE |
Version: 2.17.1
Check: package dependencies
Result: NOTE
Package which this enhances but not available for checking: 'asreml'
Flavors: r-devel-linux-x86_64-debian-clang, r-devel-linux-x86_64-debian-gcc, r-devel-linux-x86_64-fedora-clang, r-devel-linux-x86_64-fedora-gcc, r-devel-windows-x86_64, r-patched-linux-x86_64, r-release-linux-x86_64, r-release-macos-arm64, r-release-macos-x86_64, r-release-windows-x86_64, r-oldrel-macos-arm64, r-oldrel-macos-x86_64, r-oldrel-windows-ix86+x86_64
Version: 2.17.1
Check: package subdirectories
Result: NOTE
Problems with news in 'NEWS.md':
Cannot extract version info from the following section titles:
PREVIOUS (Incomplete below)
Flavors: r-devel-linux-x86_64-debian-clang, r-devel-linux-x86_64-debian-gcc, r-devel-linux-x86_64-fedora-clang, r-devel-linux-x86_64-fedora-gcc, r-devel-windows-x86_64