Last updated on 2022-08-15 08:50:02 CEST.
Flavor | Version | Tinstall | Tcheck | Ttotal | Status | Flags |
---|---|---|---|---|---|---|
r-devel-linux-x86_64-debian-clang | 2020.4.1 | 2.45 | 32.45 | 34.90 | NOTE | |
r-devel-linux-x86_64-debian-gcc | 2020.4.1 | 1.66 | 25.48 | 27.14 | NOTE | |
r-devel-linux-x86_64-fedora-clang | 2020.4.1 | 54.19 | NOTE | |||
r-devel-linux-x86_64-fedora-gcc | 2020.4.1 | 52.07 | NOTE | |||
r-devel-windows-x86_64 | 2020.4.1 | 41.00 | 67.00 | 108.00 | NOTE | |
r-patched-linux-x86_64 | 2020.4.1 | 1.89 | 31.52 | 33.41 | NOTE | |
r-release-linux-x86_64 | 2020.4.1 | 1.92 | 31.37 | 33.29 | NOTE | |
r-release-macos-arm64 | 2020.4.1 | 17.00 | NOTE | |||
r-release-macos-x86_64 | 2020.4.1 | 27.00 | NOTE | |||
r-release-windows-x86_64 | 2020.4.1 | 71.00 | 65.00 | 136.00 | NOTE | |
r-oldrel-macos-arm64 | 2020.4.1 | 26.00 | NOTE | |||
r-oldrel-macos-x86_64 | 2020.4.1 | 38.00 | NOTE | |||
r-oldrel-windows-ix86+x86_64 | 2020.4.1 | 6.00 | 56.00 | 62.00 | OK |
Version: 2020.4.1
Check: package dependencies
Result: NOTE
Package suggested but not available for checking: 're2r'
Flavors: r-devel-linux-x86_64-debian-clang, r-devel-linux-x86_64-debian-gcc, r-devel-linux-x86_64-fedora-clang, r-devel-linux-x86_64-fedora-gcc, r-devel-windows-x86_64, r-patched-linux-x86_64, r-release-linux-x86_64, r-release-macos-arm64, r-release-macos-x86_64, r-release-windows-x86_64, r-oldrel-macos-arm64, r-oldrel-macos-x86_64