Last updated on 2022-08-15 08:50:02 CEST.
Flavor | Version | Tinstall | Tcheck | Ttotal | Status | Flags |
---|---|---|---|---|---|---|
r-devel-linux-x86_64-debian-clang | 0.9.1 | 2.17 | 20.19 | 22.36 | NOTE | |
r-devel-linux-x86_64-debian-gcc | 0.9.1 | 1.95 | 15.94 | 17.89 | NOTE | |
r-devel-linux-x86_64-fedora-clang | 0.9.1 | 38.49 | NOTE | |||
r-devel-linux-x86_64-fedora-gcc | 0.9.1 | 37.85 | NOTE | |||
r-devel-windows-x86_64 | 0.9.1 | 18.00 | 50.00 | 68.00 | NOTE | |
r-patched-linux-x86_64 | 0.9.1 | 2.37 | 19.51 | 21.88 | NOTE | |
r-release-linux-x86_64 | 0.9.1 | 1.85 | 20.20 | 22.05 | NOTE | |
r-release-macos-arm64 | 0.9.1 | 13.00 | NOTE | |||
r-release-macos-x86_64 | 0.9.1 | 22.00 | NOTE | |||
r-release-windows-x86_64 | 0.9.1 | 7.00 | 49.00 | 56.00 | NOTE | |
r-oldrel-macos-arm64 | 0.9.1 | 20.00 | NOTE | |||
r-oldrel-macos-x86_64 | 0.9.1 | 29.00 | NOTE | |||
r-oldrel-windows-ix86+x86_64 | 0.9.1 | 7.00 | 29.00 | 36.00 | NOTE |
Version: 0.9.1
Check: DESCRIPTION meta-information
Result: NOTE
Malformed Description field: should contain one or more complete sentences.
Flavors: r-devel-linux-x86_64-debian-clang, r-devel-linux-x86_64-debian-gcc, r-devel-linux-x86_64-fedora-clang, r-devel-linux-x86_64-fedora-gcc, r-devel-windows-x86_64, r-patched-linux-x86_64, r-release-linux-x86_64, r-release-macos-arm64, r-release-macos-x86_64, r-release-windows-x86_64, r-oldrel-macos-arm64, r-oldrel-macos-x86_64, r-oldrel-windows-ix86+x86_64
Version: 0.9.1
Check: compiled code
Result: NOTE
File ‘namespace/libs/namespace.so’:
Found no calls to: ‘R_registerRoutines’, ‘R_useDynamicSymbols’
It is good practice to register native routines and to disable symbol
search.
See ‘Writing portable packages’ in the ‘Writing R Extensions’ manual.
Flavors: r-devel-linux-x86_64-fedora-clang, r-devel-linux-x86_64-fedora-gcc