Last updated on 2022-08-15 08:50:02 CEST.
Flavor | Version | Tinstall | Tcheck | Ttotal | Status | Flags |
---|---|---|---|---|---|---|
r-devel-linux-x86_64-debian-clang | 0.1.1 | 1053.87 | 50.48 | 1104.35 | OK | |
r-devel-linux-x86_64-debian-gcc | 0.1.1 | 797.10 | 38.75 | 835.85 | OK | |
r-devel-linux-x86_64-fedora-clang | 0.1.1 | 1725.77 | NOTE | |||
r-devel-linux-x86_64-fedora-gcc | 0.1.1 | 1430.16 | NOTE | |||
r-devel-windows-x86_64 | 0.1.1 | 975.00 | 107.00 | 1082.00 | NOTE | |
r-patched-linux-x86_64 | 0.1.1 | 831.04 | 47.87 | 878.91 | OK | |
r-release-linux-x86_64 | 0.1.1 | 822.37 | 48.48 | 870.85 | OK | |
r-release-macos-arm64 | 0.1.1 | 298.00 | NOTE | |||
r-release-macos-x86_64 | 0.1.1 | 413.00 | NOTE | |||
r-release-windows-x86_64 | 0.1.1 | 1122.00 | 109.00 | 1231.00 | NOTE | |
r-oldrel-macos-arm64 | 0.1.1 | 337.00 | NOTE | |||
r-oldrel-macos-x86_64 | 0.1.1 | 672.00 | NOTE | |||
r-oldrel-windows-ix86+x86_64 | 0.1.1 | 2446.00 | 125.00 | 2571.00 | NOTE |
Version: 0.1.1
Check: installed package size
Result: NOTE
installed size is 5.1Mb
sub-directories of 1Mb or more:
data 1.9Mb
libs 2.0Mb
models 1.1Mb
Flavors: r-devel-linux-x86_64-fedora-clang, r-devel-windows-x86_64, r-release-macos-arm64, r-release-macos-x86_64, r-release-windows-x86_64, r-oldrel-macos-arm64, r-oldrel-macos-x86_64, r-oldrel-windows-ix86+x86_64
Version: 0.1.1
Check: data for non-ASCII characters
Result: NOTE
Note: found 47936 marked UTF-8 strings
Flavors: r-devel-linux-x86_64-fedora-clang, r-devel-linux-x86_64-fedora-gcc, r-release-macos-arm64, r-release-macos-x86_64, r-oldrel-macos-arm64, r-oldrel-macos-x86_64