Last updated on 2022-08-15 08:50:02 CEST.
Flavor | Version | Tinstall | Tcheck | Ttotal | Status | Flags |
---|---|---|---|---|---|---|
r-devel-linux-x86_64-debian-clang | 0.9.0 | 4.96 | 51.99 | 56.95 | NOTE | |
r-devel-linux-x86_64-debian-gcc | 0.9.0 | 4.85 | 38.78 | 43.63 | NOTE | |
r-devel-linux-x86_64-fedora-clang | 0.9.0 | 81.08 | NOTE | |||
r-devel-linux-x86_64-fedora-gcc | 0.9.0 | 77.29 | NOTE | |||
r-devel-windows-x86_64 | 0.9.0 | 15.00 | 78.00 | 93.00 | NOTE | |
r-patched-linux-x86_64 | 0.9.0 | 5.20 | 48.64 | 53.84 | NOTE | |
r-release-linux-x86_64 | 0.9.0 | 4.79 | 49.49 | 54.28 | NOTE | |
r-release-macos-arm64 | 0.9.0 | 23.00 | NOTE | |||
r-release-macos-x86_64 | 0.9.0 | 45.00 | NOTE | |||
r-release-windows-x86_64 | 0.9.0 | 12.00 | 79.00 | 91.00 | NOTE | |
r-oldrel-macos-arm64 | 0.9.0 | 28.00 | NOTE | |||
r-oldrel-macos-x86_64 | 0.9.0 | 46.00 | NOTE | |||
r-oldrel-windows-ix86+x86_64 | 0.9.0 | 14.00 | 68.00 | 82.00 | NOTE |
Version: 0.9.0
Check: LazyData
Result: NOTE
'LazyData' is specified without a 'data' directory
Flavors: r-devel-linux-x86_64-debian-clang, r-devel-linux-x86_64-debian-gcc, r-devel-linux-x86_64-fedora-clang, r-devel-linux-x86_64-fedora-gcc, r-devel-windows-x86_64, r-patched-linux-x86_64, r-release-linux-x86_64, r-release-macos-arm64, r-release-macos-x86_64, r-release-windows-x86_64, r-oldrel-macos-arm64, r-oldrel-macos-x86_64, r-oldrel-windows-ix86+x86_64