Last updated on 2022-08-15 08:50:02 CEST.
Flavor | Version | Tinstall | Tcheck | Ttotal | Status | Flags |
---|---|---|---|---|---|---|
r-devel-linux-x86_64-debian-clang | 2.0.0 | 19.11 | 262.03 | 281.14 | NOTE | |
r-devel-linux-x86_64-debian-gcc | 2.0.0 | 14.24 | 188.36 | 202.60 | NOTE | |
r-devel-linux-x86_64-fedora-clang | 2.0.0 | 335.77 | NOTE | |||
r-devel-linux-x86_64-fedora-gcc | 2.0.0 | 354.11 | NOTE | |||
r-devel-windows-x86_64 | 2.0.0 | 24.00 | 267.00 | 291.00 | NOTE | |
r-patched-linux-x86_64 | 2.0.0 | 17.86 | 231.55 | 249.41 | NOTE | |
r-release-linux-x86_64 | 2.0.0 | 11.76 | 228.67 | 240.43 | NOTE | |
r-release-macos-arm64 | 2.0.0 | 69.00 | NOTE | |||
r-release-macos-x86_64 | 2.0.0 | 145.00 | NOTE | |||
r-release-windows-x86_64 | 2.0.0 | 30.00 | 243.00 | 273.00 | NOTE | |
r-oldrel-macos-arm64 | 2.0.0 | 79.00 | NOTE | |||
r-oldrel-macos-x86_64 | 2.0.0 | 101.00 | NOTE | |||
r-oldrel-windows-ix86+x86_64 | 2.0.0 | 40.00 | 264.00 | 304.00 | NOTE |
Version: 2.0.0
Check: package dependencies
Result: NOTE
Package suggested but not available for checking: 'gurobi'
Flavors: r-devel-linux-x86_64-debian-clang, r-devel-linux-x86_64-debian-gcc, r-devel-linux-x86_64-fedora-clang, r-devel-linux-x86_64-fedora-gcc, r-devel-windows-x86_64, r-patched-linux-x86_64, r-release-linux-x86_64, r-release-macos-arm64, r-release-macos-x86_64, r-release-windows-x86_64, r-oldrel-macos-arm64, r-oldrel-macos-x86_64, r-oldrel-windows-ix86+x86_64