Last updated on 2022-08-15 08:50:02 CEST.
Flavor | Version | Tinstall | Tcheck | Ttotal | Status | Flags |
---|---|---|---|---|---|---|
r-devel-linux-x86_64-debian-clang | 1.31 | 30.19 | 35.62 | 65.81 | WARN | |
r-devel-linux-x86_64-debian-gcc | 1.31 | 21.74 | 27.39 | 49.13 | OK | |
r-devel-linux-x86_64-fedora-clang | 1.31 | 97.76 | WARN | |||
r-devel-linux-x86_64-fedora-gcc | 1.31 | 88.87 | OK | |||
r-devel-windows-x86_64 | 1.31 | 26.00 | 79.00 | 105.00 | OK | |
r-patched-linux-x86_64 | 1.31 | 21.05 | 34.14 | 55.19 | OK | |
r-release-linux-x86_64 | 1.31 | 23.27 | 34.89 | 58.16 | OK | |
r-release-macos-arm64 | 1.31 | 27.00 | OK | |||
r-release-macos-x86_64 | 1.31 | 34.00 | OK | |||
r-release-windows-x86_64 | 1.31 | 33.00 | 78.00 | 111.00 | OK | |
r-oldrel-macos-arm64 | 1.31 | 25.00 | OK | |||
r-oldrel-macos-x86_64 | 1.31 | 35.00 | OK | |||
r-oldrel-windows-ix86+x86_64 | 1.31 | 68.00 | 84.00 | 152.00 | OK |
Version: 1.31
Check: whether package can be installed
Result: WARN
Found the following significant warnings:
energypot.cpp:14:11: warning: use of bitwise '&' with boolean operands [-Wbitwise-instead-of-logical]
Flavors: r-devel-linux-x86_64-debian-clang, r-devel-linux-x86_64-fedora-clang