Last updated on 2022-08-15 08:50:02 CEST.
Flavor | Version | Tinstall | Tcheck | Ttotal | Status | Flags |
---|---|---|---|---|---|---|
r-devel-linux-x86_64-debian-clang | 1.19 | 8.15 | 40.38 | 48.53 | OK | |
r-devel-linux-x86_64-debian-gcc | 1.19 | 6.55 | 30.78 | 37.33 | OK | |
r-devel-linux-x86_64-fedora-clang | 1.19 | 71.15 | OK | |||
r-devel-linux-x86_64-fedora-gcc | 1.19 | 69.44 | OK | |||
r-devel-windows-x86_64 | 1.19 | 25.00 | 126.00 | 151.00 | NOTE | |
r-patched-linux-x86_64 | 1.19 | 7.65 | 39.81 | 47.46 | OK | |
r-release-linux-x86_64 | 1.19 | 7.36 | 39.90 | 47.26 | OK | |
r-release-macos-arm64 | 1.19 | 26.00 | NOTE | |||
r-release-macos-x86_64 | 1.19 | 32.00 | NOTE | |||
r-release-windows-x86_64 | 1.19 | 21.00 | 115.00 | 136.00 | NOTE | |
r-oldrel-macos-arm64 | 1.19 | 18.00 | NOTE | |||
r-oldrel-macos-x86_64 | 1.19 | 33.00 | NOTE | |||
r-oldrel-windows-ix86+x86_64 | 1.19 | 20.00 | 98.00 | 118.00 | NOTE |
Version: 1.19
Check: installed package size
Result: NOTE
installed size is 12.1Mb
sub-directories of 1Mb or more:
libs 11.8Mb
Flavors: r-devel-windows-x86_64, r-release-macos-arm64, r-release-macos-x86_64, r-release-windows-x86_64, r-oldrel-macos-arm64, r-oldrel-macos-x86_64, r-oldrel-windows-ix86+x86_64