Last updated on 2022-08-15 08:50:02 CEST.
Flavor | Version | Tinstall | Tcheck | Ttotal | Status | Flags |
---|---|---|---|---|---|---|
r-devel-linux-x86_64-debian-clang | 1.0.0 | 71.17 | 48.83 | 120.00 | NOTE | |
r-devel-linux-x86_64-debian-gcc | 1.0.0 | 55.62 | 37.80 | 93.42 | NOTE | |
r-devel-linux-x86_64-fedora-clang | 1.0.0 | 165.80 | NOTE | |||
r-devel-linux-x86_64-fedora-gcc | 1.0.0 | 164.67 | NOTE | |||
r-devel-windows-x86_64 | 1.0.0 | 61.00 | 94.00 | 155.00 | NOTE | |
r-patched-linux-x86_64 | 1.0.0 | 64.18 | 42.98 | 107.16 | NOTE | |
r-release-linux-x86_64 | 1.0.0 | 59.53 | 44.45 | 103.98 | NOTE | |
r-release-macos-arm64 | 1.0.0 | 45.00 | NOTE | |||
r-release-macos-x86_64 | 1.0.0 | 54.00 | NOTE | |||
r-release-windows-x86_64 | 1.0.0 | 67.00 | 95.00 | 162.00 | NOTE | |
r-oldrel-macos-arm64 | 1.0.0 | 51.00 | NOTE | |||
r-oldrel-macos-x86_64 | 1.0.0 | 79.00 | NOTE | |||
r-oldrel-windows-ix86+x86_64 | 1.0.0 | 159.00 | 119.00 | 278.00 | NOTE |
Version: 1.0.0
Check: package subdirectories
Result: NOTE
Problems with news in 'NEWS.md':
No news entries found.
Flavors: r-devel-linux-x86_64-debian-clang, r-devel-linux-x86_64-debian-gcc, r-devel-linux-x86_64-fedora-clang, r-devel-linux-x86_64-fedora-gcc, r-devel-windows-x86_64
Version: 1.0.0
Check: LazyData
Result: NOTE
'LazyData' is specified without a 'data' directory
Flavors: r-devel-linux-x86_64-debian-clang, r-devel-linux-x86_64-debian-gcc, r-devel-linux-x86_64-fedora-clang, r-devel-linux-x86_64-fedora-gcc, r-devel-windows-x86_64, r-patched-linux-x86_64, r-release-linux-x86_64, r-release-macos-arm64, r-release-macos-x86_64, r-release-windows-x86_64, r-oldrel-macos-arm64, r-oldrel-macos-x86_64, r-oldrel-windows-ix86+x86_64
Version: 1.0.0
Check: installed package size
Result: NOTE
installed size is 7.5Mb
sub-directories of 1Mb or more:
libs 7.3Mb
Flavors: r-release-macos-arm64, r-release-macos-x86_64, r-oldrel-macos-arm64, r-oldrel-macos-x86_64