Last updated on 2022-08-15 08:50:02 CEST.
Flavor | Version | Tinstall | Tcheck | Ttotal | Status | Flags |
---|---|---|---|---|---|---|
r-devel-linux-x86_64-debian-clang | 1.2.0 | 75.45 | 87.81 | 163.26 | OK | |
r-devel-linux-x86_64-debian-gcc | 1.2.0 | 63.67 | 68.49 | 132.16 | OK | |
r-devel-linux-x86_64-fedora-clang | 1.2.0 | 210.78 | NOTE | |||
r-devel-linux-x86_64-fedora-gcc | 1.2.0 | 217.01 | NOTE | |||
r-devel-windows-x86_64 | 1.2.0 | 62.00 | 137.00 | 199.00 | OK | |
r-patched-linux-x86_64 | 1.2.0 | 73.33 | 85.46 | 158.79 | OK | |
r-release-linux-x86_64 | 1.2.0 | 62.92 | 85.74 | 148.66 | OK | |
r-release-macos-arm64 | 1.2.0 | 59.00 | NOTE | |||
r-release-macos-x86_64 | 1.2.0 | 103.00 | NOTE | |||
r-release-windows-x86_64 | 1.2.0 | 51.00 | 134.00 | 185.00 | OK | |
r-oldrel-macos-arm64 | 1.2.0 | 57.00 | NOTE | |||
r-oldrel-macos-x86_64 | 1.2.0 | 84.00 | NOTE | |||
r-oldrel-windows-ix86+x86_64 | 1.2.0 | 147.00 | 150.00 | 297.00 | OK |
Version: 1.2.0
Check: dependencies in R code
Result: NOTE
Namespaces in Imports field not imported from:
‘MASS’ ‘utils’
All declared Imports should be used.
Flavors: r-devel-linux-x86_64-fedora-clang, r-devel-linux-x86_64-fedora-gcc, r-release-macos-arm64, r-release-macos-x86_64, r-oldrel-macos-arm64, r-oldrel-macos-x86_64
Version: 1.2.0
Check: installed package size
Result: NOTE
installed size is 26.8Mb
sub-directories of 1Mb or more:
libs 25.8Mb
Flavors: r-release-macos-arm64, r-release-macos-x86_64, r-oldrel-macos-arm64, r-oldrel-macos-x86_64