Last updated on 2022-08-15 08:50:02 CEST.
Flavor | Version | Tinstall | Tcheck | Ttotal | Status | Flags |
---|---|---|---|---|---|---|
r-devel-linux-x86_64-debian-clang | 1.0.3 | 2.37 | 36.09 | 38.46 | NOTE | |
r-devel-linux-x86_64-debian-gcc | 1.0.3 | 1.94 | 27.43 | 29.37 | NOTE | |
r-devel-linux-x86_64-fedora-clang | 1.0.3 | 56.81 | NOTE | |||
r-devel-linux-x86_64-fedora-gcc | 1.0.3 | 55.94 | NOTE | |||
r-devel-windows-x86_64 | 1.0.3 | 14.00 | 64.00 | 78.00 | NOTE | |
r-patched-linux-x86_64 | 1.0.3 | 2.12 | 35.20 | 37.32 | NOTE | |
r-release-linux-x86_64 | 1.0.3 | 2.02 | 33.91 | 35.93 | NOTE | |
r-release-macos-arm64 | 1.0.3 | 18.00 | NOTE | |||
r-release-macos-x86_64 | 1.0.3 | 26.00 | NOTE | |||
r-release-windows-x86_64 | 1.0.3 | 26.00 | 65.00 | 91.00 | NOTE | |
r-oldrel-macos-arm64 | 1.0.3 | 23.00 | NOTE | |||
r-oldrel-macos-x86_64 | 1.0.3 | 36.00 | NOTE | |||
r-oldrel-windows-ix86+x86_64 | 1.0.3 | 6.00 | 58.00 | 64.00 | NOTE |
Version: 1.0.3
Check: LazyData
Result: NOTE
'LazyData' is specified without a 'data' directory
Flavors: r-devel-linux-x86_64-debian-clang, r-devel-linux-x86_64-debian-gcc, r-devel-linux-x86_64-fedora-clang, r-devel-linux-x86_64-fedora-gcc, r-devel-windows-x86_64, r-patched-linux-x86_64, r-release-linux-x86_64, r-release-macos-arm64, r-release-macos-x86_64, r-release-windows-x86_64, r-oldrel-macos-arm64, r-oldrel-macos-x86_64, r-oldrel-windows-ix86+x86_64