Last updated on 2022-08-15 08:50:02 CEST.
Flavor | Version | Tinstall | Tcheck | Ttotal | Status | Flags |
---|---|---|---|---|---|---|
r-devel-linux-x86_64-debian-clang | 0.4.4 | 8.37 | 74.26 | 82.63 | OK | |
r-devel-linux-x86_64-debian-gcc | 0.4.4 | 6.41 | 55.30 | 61.71 | OK | |
r-devel-linux-x86_64-fedora-clang | 0.4.4 | 109.27 | OK | |||
r-devel-linux-x86_64-fedora-gcc | 0.4.4 | 104.18 | OK | |||
r-devel-windows-x86_64 | 0.4.4 | 47.00 | 98.00 | 145.00 | OK | |
r-patched-linux-x86_64 | 0.4.4 | 8.95 | 68.37 | 77.32 | OK | |
r-release-linux-x86_64 | 0.4.4 | 9.31 | 69.81 | 79.12 | OK | |
r-release-macos-arm64 | 0.4.4 | 27.00 | NOTE | |||
r-release-macos-x86_64 | 0.4.4 | 42.00 | OK | |||
r-release-windows-x86_64 | 0.4.4 | 46.00 | 98.00 | 144.00 | OK | |
r-oldrel-macos-arm64 | 0.4.4 | 39.00 | OK | |||
r-oldrel-macos-x86_64 | 0.4.4 | 42.00 | OK | |||
r-oldrel-windows-ix86+x86_64 | 0.4.4 | 20.00 | 93.00 | 113.00 | OK |
Version: 0.4.4
Check: package dependencies
Result: NOTE
Package suggested but not available for checking: ‘rhdf5’
Flavor: r-release-macos-arm64