Last updated on 2022-08-15 08:50:02 CEST.
Flavor | Version | Tinstall | Tcheck | Ttotal | Status | Flags |
---|---|---|---|---|---|---|
r-devel-linux-x86_64-debian-clang | 4.0.3 | 77.01 | 297.70 | 374.71 | WARN | |
r-devel-linux-x86_64-debian-gcc | 4.0.3 | 69.83 | 223.10 | 292.93 | OK | |
r-devel-linux-x86_64-fedora-clang | 4.0.3 | 459.09 | WARN | |||
r-devel-linux-x86_64-fedora-gcc | 4.0.3 | 465.87 | OK | |||
r-devel-windows-x86_64 | 4.0.3 | 67.00 | 313.00 | 380.00 | OK | |
r-patched-linux-x86_64 | 4.0.3 | 82.11 | 285.15 | 367.26 | OK | |
r-release-linux-x86_64 | 4.0.3 | 73.73 | 287.88 | 361.61 | OK | |
r-release-macos-arm64 | 4.0.3 | 117.00 | NOTE | |||
r-release-macos-x86_64 | 4.0.3 | 195.00 | NOTE | |||
r-release-windows-x86_64 | 4.0.3 | 82.00 | 316.00 | 398.00 | OK | |
r-oldrel-macos-arm64 | 4.0.3 | 106.00 | NOTE | |||
r-oldrel-macos-x86_64 | 4.0.3 | 151.00 | NOTE | |||
r-oldrel-windows-ix86+x86_64 | 4.0.3 | 169.00 | 397.00 | 566.00 | NOTE |
Version: 4.0.3
Check: whether package can be installed
Result: WARN
Found the following significant warnings:
rcpp_lin_alg.cpp:9:8: warning: use of bitwise '|' with boolean operands [-Wbitwise-instead-of-logical]
rcpp_lin_alg.cpp:9:35: warning: use of bitwise '&' with boolean operands [-Wbitwise-instead-of-logical]
rcpp_lin_alg.cpp:30:8: warning: use of bitwise '|' with boolean operands [-Wbitwise-instead-of-logical]
rcpp_lin_alg.cpp:48:8: warning: use of bitwise '|' with boolean operands [-Wbitwise-instead-of-logical]
rcpp_lin_alg.cpp:48:35: warning: use of bitwise '&' with boolean operands [-Wbitwise-instead-of-logical]
Flavors: r-devel-linux-x86_64-debian-clang, r-devel-linux-x86_64-fedora-clang
Version: 4.0.3
Check: package dependencies
Result: NOTE
Imports includes 21 non-default packages.
Importing from so many packages makes the package vulnerable to any of
them becoming unavailable. Move as many as possible to Suggests and
use conditionally.
Flavor: r-devel-linux-x86_64-fedora-clang
Version: 4.0.3
Check: package dependencies
Result: NOTE
Package suggested but not available for checking: ‘ndexr’
Flavor: r-release-macos-arm64
Version: 4.0.3
Check: installed package size
Result: NOTE
installed size is 22.7Mb
sub-directories of 1Mb or more:
doc 2.8Mb
libs 19.0Mb
Flavors: r-release-macos-arm64, r-release-macos-x86_64, r-oldrel-macos-arm64, r-oldrel-macos-x86_64, r-oldrel-windows-ix86+x86_64