Last updated on 2022-08-15 08:50:02 CEST.
Flavor | Version | Tinstall | Tcheck | Ttotal | Status | Flags |
---|---|---|---|---|---|---|
r-devel-linux-x86_64-debian-clang | 1.2.0 | 4.92 | 62.13 | 67.05 | OK | |
r-devel-linux-x86_64-debian-gcc | 1.2.0 | 3.33 | 45.78 | 49.11 | OK | |
r-devel-linux-x86_64-fedora-clang | 1.2.0 | 89.69 | NOTE | |||
r-devel-linux-x86_64-fedora-gcc | 1.2.0 | 86.86 | NOTE | |||
r-devel-windows-x86_64 | 1.2.0 | 23.00 | 97.00 | 120.00 | OK | |
r-patched-linux-x86_64 | 1.2.0 | 4.98 | 57.41 | 62.39 | OK | |
r-release-linux-x86_64 | 1.2.0 | 3.48 | 57.47 | 60.95 | OK | |
r-release-macos-arm64 | 1.2.0 | 28.00 | NOTE | |||
r-release-macos-x86_64 | 1.2.0 | 52.00 | NOTE | |||
r-release-windows-x86_64 | 1.2.0 | 24.00 | 93.00 | 117.00 | OK | |
r-oldrel-macos-arm64 | 1.2.0 | 36.00 | NOTE | |||
r-oldrel-macos-x86_64 | 1.2.0 | 60.00 | NOTE | |||
r-oldrel-windows-ix86+x86_64 | 1.2.0 | 15.00 | 85.00 | 100.00 | OK |
Version: 1.2.0
Check: dependencies in R code
Result: NOTE
Namespace in Imports field not imported from: ‘Rdpack’
All declared Imports should be used.
Flavors: r-devel-linux-x86_64-fedora-clang, r-devel-linux-x86_64-fedora-gcc, r-release-macos-arm64, r-release-macos-x86_64, r-oldrel-macos-arm64, r-oldrel-macos-x86_64