Last updated on 2022-08-15 08:50:02 CEST.
Flavor | Version | Tinstall | Tcheck | Ttotal | Status | Flags |
---|---|---|---|---|---|---|
r-devel-linux-x86_64-debian-clang | 1.1.1 | 167.82 | 105.98 | 273.80 | WARN | |
r-devel-linux-x86_64-debian-gcc | 1.1.1 | 138.53 | 79.66 | 218.19 | OK | |
r-devel-linux-x86_64-fedora-clang | 1.1.1 | 412.51 | WARN | |||
r-devel-linux-x86_64-fedora-gcc | 1.1.1 | 363.33 | OK | |||
r-devel-windows-x86_64 | 1.1.1 | 257.00 | 172.00 | 429.00 | OK | |
r-patched-linux-x86_64 | 1.1.1 | 149.68 | 98.65 | 248.33 | OK | |
r-release-linux-x86_64 | 1.1.1 | 142.23 | 98.48 | 240.71 | OK | |
r-release-macos-arm64 | 1.1.1 | 95.00 | NOTE | |||
r-release-macos-x86_64 | 1.1.1 | 124.00 | NOTE | |||
r-release-windows-x86_64 | 1.1.1 | 212.00 | 186.00 | 398.00 | OK | |
r-oldrel-macos-arm64 | 1.1.1 | 96.00 | NOTE | |||
r-oldrel-macos-x86_64 | 1.1.1 | 139.00 | NOTE | |||
r-oldrel-windows-ix86+x86_64 | 1.1.1 | 426.00 | 198.00 | 624.00 | OK |
Version: 1.1.1
Check: whether package can be installed
Result: WARN
Found the following significant warnings:
checkPairs.cpp:15:10: warning: use of bitwise '|' with boolean operands [-Wbitwise-instead-of-logical]
checkPairs.cpp:15:41: warning: use of bitwise '&' with boolean operands [-Wbitwise-instead-of-logical]
checkPairs.cpp:15:11: warning: use of bitwise '&' with boolean operands [-Wbitwise-instead-of-logical]
checkPairs.cpp:18:15: warning: use of bitwise '|' with boolean operands [-Wbitwise-instead-of-logical]
checkPairs.cpp:18:46: warning: use of bitwise '&' with boolean operands [-Wbitwise-instead-of-logical]
checkPairs.cpp:18:16: warning: use of bitwise '&' with boolean operands [-Wbitwise-instead-of-logical]
checkPairs.cpp:21:15: warning: use of bitwise '&' with boolean operands [-Wbitwise-instead-of-logical]
checkPairs.cpp:24:15: warning: use of bitwise '&' with boolean operands [-Wbitwise-instead-of-logical]
listingIdeals.cpp:50:12: warning: use of bitwise '&' with boolean operands [-Wbitwise-instead-of-logical]
Flavors: r-devel-linux-x86_64-debian-clang, r-devel-linux-x86_64-fedora-clang
Version: 1.1.1
Check: installed package size
Result: NOTE
installed size is 6.6Mb
sub-directories of 1Mb or more:
doc 1.0Mb
libs 5.2Mb
Flavors: r-release-macos-arm64, r-release-macos-x86_64, r-oldrel-macos-arm64, r-oldrel-macos-x86_64