Last updated on 2022-08-15 08:50:02 CEST.
Flavor | Version | Tinstall | Tcheck | Ttotal | Status | Flags |
---|---|---|---|---|---|---|
r-devel-linux-x86_64-debian-clang | 1.0.1 | 9.42 | 78.48 | 87.90 | OK | |
r-devel-linux-x86_64-debian-gcc | 1.0.1 | 8.08 | 58.84 | 66.92 | OK | |
r-devel-linux-x86_64-fedora-clang | 1.0.1 | 115.35 | NOTE | |||
r-devel-linux-x86_64-fedora-gcc | 1.0.1 | 113.75 | NOTE | |||
r-devel-windows-x86_64 | 1.0.1 | 14.00 | 99.00 | 113.00 | OK | |
r-patched-linux-x86_64 | 1.0.1 | 8.24 | 72.64 | 80.88 | OK | |
r-release-linux-x86_64 | 1.0.1 | 6.50 | 75.00 | 81.50 | OK | |
r-release-macos-arm64 | 1.0.1 | 35.00 | NOTE | |||
r-release-macos-x86_64 | 1.0.1 | 68.00 | NOTE | |||
r-release-windows-x86_64 | 1.0.1 | 21.00 | 99.00 | 120.00 | OK | |
r-oldrel-macos-arm64 | 1.0.1 | 40.00 | NOTE | |||
r-oldrel-macos-x86_64 | 1.0.1 | 61.00 | NOTE | |||
r-oldrel-windows-ix86+x86_64 | 1.0.1 | 22.00 | 95.00 | 117.00 | OK |
Version: 1.0.1
Check: data for non-ASCII characters
Result: NOTE
Note: found 2 marked Latin-1 strings
Flavors: r-devel-linux-x86_64-fedora-clang, r-devel-linux-x86_64-fedora-gcc, r-release-macos-arm64, r-release-macos-x86_64, r-oldrel-macos-arm64, r-oldrel-macos-x86_64