Last updated on 2022-08-15 08:50:02 CEST.
Flavor | Version | Tinstall | Tcheck | Ttotal | Status | Flags |
---|---|---|---|---|---|---|
r-devel-linux-x86_64-debian-clang | 0.0.2 | 32.77 | 308.67 | 341.44 | NOTE | |
r-devel-linux-x86_64-debian-gcc | 0.0.2 | 24.81 | 235.48 | 260.29 | NOTE | |
r-devel-linux-x86_64-fedora-clang | 0.0.2 | 403.78 | NOTE | |||
r-devel-linux-x86_64-fedora-gcc | 0.0.2 | 404.78 | NOTE | |||
r-devel-windows-x86_64 | 0.0.2 | 59.00 | 322.00 | 381.00 | NOTE | |
r-patched-linux-x86_64 | 0.0.2 | 23.75 | 300.91 | 324.66 | NOTE | |
r-release-linux-x86_64 | 0.0.2 | 27.96 | 299.32 | 327.28 | NOTE | |
r-release-macos-arm64 | 0.0.2 | 92.00 | NOTE | |||
r-release-macos-x86_64 | 0.0.2 | 123.00 | NOTE | |||
r-release-windows-x86_64 | 0.0.2 | 49.00 | 309.00 | 358.00 | NOTE | |
r-oldrel-macos-arm64 | 0.0.2 | 53.00 | NOTE | |||
r-oldrel-macos-x86_64 | 0.0.2 | 96.00 | NOTE | |||
r-oldrel-windows-ix86+x86_64 | 0.0.2 | 64.00 | 319.00 | 383.00 | NOTE |
Version: 0.0.2
Check: LazyData
Result: NOTE
'LazyData' is specified without a 'data' directory
Flavors: r-devel-linux-x86_64-debian-clang, r-devel-linux-x86_64-debian-gcc, r-devel-linux-x86_64-fedora-clang, r-devel-linux-x86_64-fedora-gcc, r-devel-windows-x86_64, r-patched-linux-x86_64, r-release-linux-x86_64, r-release-macos-arm64, r-release-macos-x86_64, r-release-windows-x86_64, r-oldrel-macos-arm64, r-oldrel-macos-x86_64, r-oldrel-windows-ix86+x86_64
Version: 0.0.2
Check: installed package size
Result: NOTE
installed size is 7.0Mb
sub-directories of 1Mb or more:
extdata 6.8Mb
Flavors: r-devel-linux-x86_64-fedora-clang, r-devel-windows-x86_64, r-release-macos-arm64, r-release-macos-x86_64, r-release-windows-x86_64, r-oldrel-macos-arm64, r-oldrel-macos-x86_64, r-oldrel-windows-ix86+x86_64
Version: 0.0.2
Check: dependencies in R code
Result: NOTE
Namespaces in Imports field not imported from:
‘rgdal’ ‘sp’
All declared Imports should be used.
Flavors: r-devel-linux-x86_64-fedora-clang, r-devel-linux-x86_64-fedora-gcc, r-release-macos-arm64, r-release-macos-x86_64, r-oldrel-macos-arm64, r-oldrel-macos-x86_64