Last updated on 2022-08-15 08:50:02 CEST.
Flavor | Version | Tinstall | Tcheck | Ttotal | Status | Flags |
---|---|---|---|---|---|---|
r-devel-linux-x86_64-debian-clang | 1.1-6 | 2.63 | 38.61 | 41.24 | NOTE | |
r-devel-linux-x86_64-debian-gcc | 1.1-6 | 2.65 | 29.29 | 31.94 | NOTE | |
r-devel-linux-x86_64-fedora-clang | 1.1-6 | 61.13 | NOTE | |||
r-devel-linux-x86_64-fedora-gcc | 1.1-6 | 62.51 | NOTE | |||
r-devel-windows-x86_64 | 1.1-6 | 12.00 | 62.00 | 74.00 | OK | |
r-patched-linux-x86_64 | 1.1-6 | 3.33 | 36.85 | 40.18 | OK | |
r-release-linux-x86_64 | 1.1-6 | 3.52 | 36.46 | 39.98 | OK | |
r-release-macos-arm64 | 1.1-6 | 18.00 | OK | |||
r-release-macos-x86_64 | 1.1-6 | 26.00 | OK | |||
r-release-windows-x86_64 | 1.1-6 | 9.00 | 59.00 | 68.00 | OK | |
r-oldrel-macos-arm64 | 1.1-6 | 16.00 | OK | |||
r-oldrel-macos-x86_64 | 1.1-6 | 29.00 | OK | |||
r-oldrel-windows-ix86+x86_64 | 1.1-6 | 7.00 | 60.00 | 67.00 | OK |
Version: 1.1-6
Check: HTML version of manual
Result: NOTE
Found the following math rendering problems:
tsp_solver.Rd:54: Can't use function '$' in math mode in i=1,\ldots,p,$ $p=n(n-1)
Flavors: r-devel-linux-x86_64-debian-clang, r-devel-linux-x86_64-debian-gcc, r-devel-linux-x86_64-fedora-clang, r-devel-linux-x86_64-fedora-gcc