Last updated on 2022-08-15 08:50:02 CEST.
Flavor | Version | Tinstall | Tcheck | Ttotal | Status | Flags |
---|---|---|---|---|---|---|
r-devel-linux-x86_64-debian-clang | 0.12.2 | 269.56 | 261.47 | 531.03 | WARN | |
r-devel-linux-x86_64-debian-gcc | 0.12.2 | 203.93 | 195.52 | 399.45 | OK | |
r-devel-linux-x86_64-fedora-clang | 0.12.2 | 669.98 | WARN | |||
r-devel-linux-x86_64-fedora-gcc | 0.12.2 | 648.64 | OK | |||
r-devel-windows-x86_64 | 0.12.2 | 762.00 | 280.00 | 1042.00 | NOTE | |
r-patched-linux-x86_64 | 0.12.2 | 228.30 | 247.78 | 476.08 | OK | |
r-release-linux-x86_64 | 0.12.2 | 220.12 | 252.48 | 472.60 | OK | |
r-release-macos-arm64 | 0.12.2 | 154.00 | NOTE | |||
r-release-macos-x86_64 | 0.12.2 | 196.00 | NOTE | |||
r-release-windows-x86_64 | 0.12.2 | 1103.00 | 264.00 | 1367.00 | NOTE | |
r-oldrel-macos-arm64 | 0.12.2 | 160.00 | NOTE | |||
r-oldrel-macos-x86_64 | 0.12.2 | 197.00 | NOTE | |||
r-oldrel-windows-ix86+x86_64 | 0.12.2 | 496.00 | 318.00 | 814.00 | NOTE |
Version: 0.12.2
Check: whether package can be installed
Result: WARN
Found the following significant warnings:
RcppUtils.cpp:48:6: warning: use of bitwise '&' with boolean operands [-Wbitwise-instead-of-logical]
RcppNimbleUtils.cpp:298:8: warning: use of bitwise '|' with boolean operands [-Wbitwise-instead-of-logical]
nimDists.cpp:159:6: warning: use of bitwise '|' with boolean operands [-Wbitwise-instead-of-logical]
nimDists.cpp:189:8: warning: use of bitwise '|' with boolean operands [-Wbitwise-instead-of-logical]
nimDists.cpp:206:6: warning: use of bitwise '|' with boolean operands [-Wbitwise-instead-of-logical]
nimDists.cpp:236:8: warning: use of bitwise '|' with boolean operands [-Wbitwise-instead-of-logical]
nimDists.cpp:263:6: warning: use of bitwise '|' with boolean operands [-Wbitwise-instead-of-logical]
nimDists.cpp:315:6: warning: use of bitwise '|' with boolean operands [-Wbitwise-instead-of-logical]
nimDists.cpp:361:6: warning: use of bitwise '|' with boolean operands [-Wbitwise-instead-of-logical]
nimDists.cpp:380:8: warning: use of bitwise '|' with boolean operands [-Wbitwise-instead-of-logical]
nimbleGraph.cpp:183:6: warning: use of bitwise '|' with boolean operands [-Wbitwise-instead-of-logical]
Flavors: r-devel-linux-x86_64-debian-clang, r-devel-linux-x86_64-fedora-clang
Version: 0.12.2
Check: installed package size
Result: NOTE
installed size is 16.1Mb
sub-directories of 1Mb or more:
CppCode 1.2Mb
R 6.3Mb
classic-bugs 1.6Mb
include 5.9Mb
Flavors: r-devel-linux-x86_64-fedora-clang, r-devel-windows-x86_64, r-release-macos-arm64, r-release-macos-x86_64, r-release-windows-x86_64, r-oldrel-macos-arm64, r-oldrel-macos-x86_64, r-oldrel-windows-ix86+x86_64