Last updated on 2022-08-15 08:50:02 CEST.
Flavor | Version | Tinstall | Tcheck | Ttotal | Status | Flags |
---|---|---|---|---|---|---|
r-devel-linux-x86_64-debian-clang | 0.3.2 | 6.59 | 66.73 | 73.32 | OK | |
r-devel-linux-x86_64-debian-gcc | 0.3.2 | 5.75 | 49.15 | 54.90 | OK | |
r-devel-linux-x86_64-fedora-clang | 0.3.2 | 97.29 | NOTE | |||
r-devel-linux-x86_64-fedora-gcc | 0.3.2 | 95.68 | NOTE | |||
r-devel-windows-x86_64 | 0.3.2 | 16.00 | 95.00 | 111.00 | OK | |
r-patched-linux-x86_64 | 0.3.2 | 4.97 | 63.49 | 68.46 | OK | |
r-release-linux-x86_64 | 0.3.2 | 6.45 | 61.40 | 67.85 | OK | |
r-release-macos-arm64 | 0.3.2 | 32.00 | NOTE | |||
r-release-macos-x86_64 | 0.3.2 | 52.00 | NOTE | |||
r-release-windows-x86_64 | 0.3.2 | 11.00 | 94.00 | 105.00 | OK | |
r-oldrel-macos-arm64 | 0.3.2 | 32.00 | NOTE | |||
r-oldrel-macos-x86_64 | 0.3.2 | 51.00 | NOTE | |||
r-oldrel-windows-ix86+x86_64 | 0.3.2 | 17.00 | 88.00 | 105.00 | OK |
Version: 0.3.2
Check: data for non-ASCII characters
Result: NOTE
Note: found 4 marked UTF-8 strings
Flavors: r-devel-linux-x86_64-fedora-clang, r-devel-linux-x86_64-fedora-gcc, r-release-macos-arm64, r-release-macos-x86_64, r-oldrel-macos-arm64, r-oldrel-macos-x86_64