Last updated on 2022-08-15 08:50:02 CEST.
Flavor | Version | Tinstall | Tcheck | Ttotal | Status | Flags |
---|---|---|---|---|---|---|
r-devel-linux-x86_64-debian-clang | 0.4.0 | 2.18 | 24.10 | 26.28 | NOTE | |
r-devel-linux-x86_64-debian-gcc | 0.4.0 | 1.68 | 18.60 | 20.28 | NOTE | |
r-devel-linux-x86_64-fedora-clang | 0.4.0 | 43.08 | NOTE | |||
r-devel-linux-x86_64-fedora-gcc | 0.4.0 | 41.84 | NOTE | |||
r-devel-windows-x86_64 | 0.4.0 | 13.00 | 50.00 | 63.00 | NOTE | |
r-patched-linux-x86_64 | 0.4.0 | 2.12 | 23.12 | 25.24 | NOTE | |
r-release-linux-x86_64 | 0.4.0 | 2.22 | 23.33 | 25.55 | NOTE | |
r-release-macos-arm64 | 0.4.0 | 17.00 | NOTE | |||
r-release-macos-x86_64 | 0.4.0 | 22.00 | NOTE | |||
r-release-windows-x86_64 | 0.4.0 | 22.00 | 51.00 | 73.00 | NOTE | |
r-oldrel-macos-arm64 | 0.4.0 | 19.00 | NOTE | |||
r-oldrel-macos-x86_64 | 0.4.0 | 28.00 | NOTE | |||
r-oldrel-windows-ix86+x86_64 | 0.4.0 | 6.00 | 46.00 | 52.00 | NOTE |
Version: 0.4.0
Check: LazyData
Result: NOTE
'LazyData' is specified without a 'data' directory
Flavors: r-devel-linux-x86_64-debian-clang, r-devel-linux-x86_64-debian-gcc, r-devel-linux-x86_64-fedora-clang, r-devel-linux-x86_64-fedora-gcc, r-devel-windows-x86_64, r-patched-linux-x86_64, r-release-linux-x86_64, r-release-macos-arm64, r-release-macos-x86_64, r-release-windows-x86_64, r-oldrel-macos-arm64, r-oldrel-macos-x86_64, r-oldrel-windows-ix86+x86_64