Last updated on 2022-08-15 08:50:02 CEST.
Flavor | Version | Tinstall | Tcheck | Ttotal | Status | Flags |
---|---|---|---|---|---|---|
r-devel-linux-x86_64-debian-clang | 1.2-2.2 | 9.57 | 107.18 | 116.75 | NOTE | |
r-devel-linux-x86_64-debian-gcc | 1.2-2.2 | 10.11 | 78.24 | 88.35 | NOTE | |
r-devel-linux-x86_64-fedora-clang | 1.2-2.2 | 150.63 | NOTE | |||
r-devel-linux-x86_64-fedora-gcc | 1.2-2.2 | 152.20 | NOTE | |||
r-devel-windows-x86_64 | 1.2-2.2 | 28.00 | 131.00 | 159.00 | NOTE | |
r-patched-linux-x86_64 | 1.2-2.2 | 11.92 | 98.86 | 110.78 | OK | |
r-release-linux-x86_64 | 1.2-2.2 | 13.64 | 101.73 | 115.37 | OK | |
r-release-macos-arm64 | 1.2-2.2 | 39.00 | OK | |||
r-release-macos-x86_64 | 1.2-2.2 | 55.00 | OK | |||
r-release-windows-x86_64 | 1.2-2.2 | 37.00 | 137.00 | 174.00 | OK | |
r-oldrel-macos-arm64 | 1.2-2.2 | 50.00 | OK | |||
r-oldrel-macos-x86_64 | 1.2-2.2 | 82.00 | OK | |||
r-oldrel-windows-ix86+x86_64 | 1.2-2.2 | 25.00 | 121.00 | 146.00 | OK |
Version: 1.2-2.2
Check: Rd files
Result: NOTE
checkRd: (-1) Dmean.Rd:62: Escaped LaTeX specials: \&
checkRd: (-1) Dvar.Rd:63: Escaped LaTeX specials: \&
Flavors: r-devel-linux-x86_64-debian-clang, r-devel-linux-x86_64-debian-gcc, r-devel-linux-x86_64-fedora-clang, r-devel-linux-x86_64-fedora-gcc, r-devel-windows-x86_64