Last updated on 2022-08-15 08:50:02 CEST.
Flavor | Version | Tinstall | Tcheck | Ttotal | Status | Flags |
---|---|---|---|---|---|---|
r-devel-linux-x86_64-debian-clang | 1.1.0 | 2.99 | 36.57 | 39.56 | NOTE | |
r-devel-linux-x86_64-debian-gcc | 1.1.0 | 2.26 | 28.81 | 31.07 | NOTE | |
r-devel-linux-x86_64-fedora-clang | 1.1.0 | 105.72 | OK | |||
r-devel-linux-x86_64-fedora-gcc | 1.1.0 | 103.57 | OK | |||
r-devel-windows-x86_64 | 1.1.0 | 28.00 | 84.00 | 112.00 | NOTE | |
r-patched-linux-x86_64 | 1.1.0 | 3.68 | 35.29 | 38.97 | NOTE | |
r-release-linux-x86_64 | 1.1.0 | 2.79 | 35.09 | 37.88 | NOTE | |
r-release-macos-arm64 | 1.1.0 | 21.00 | NOTE | |||
r-release-macos-x86_64 | 1.1.0 | 33.00 | NOTE | |||
r-release-windows-x86_64 | 1.1.0 | 49.00 | 87.00 | 136.00 | NOTE | |
r-oldrel-macos-arm64 | 1.1.0 | 25.00 | NOTE | |||
r-oldrel-macos-x86_64 | 1.1.0 | 31.00 | NOTE | |||
r-oldrel-windows-ix86+x86_64 | 1.1.0 | 7.00 | 69.00 | 76.00 | OK |
Version: 1.1.0
Check: package dependencies
Result: NOTE
Package suggested but not available for checking: 'INLA'
Flavors: r-devel-linux-x86_64-debian-clang, r-devel-linux-x86_64-debian-gcc, r-devel-windows-x86_64, r-patched-linux-x86_64, r-release-linux-x86_64, r-release-macos-arm64, r-release-macos-x86_64, r-release-windows-x86_64, r-oldrel-macos-arm64, r-oldrel-macos-x86_64