Last updated on 2022-08-15 08:50:02 CEST.
Flavor | Version | Tinstall | Tcheck | Ttotal | Status | Flags |
---|---|---|---|---|---|---|
r-devel-linux-x86_64-debian-clang | 1.0.1 | 4.60 | 77.58 | 82.18 | OK | |
r-devel-linux-x86_64-debian-gcc | 1.0.1 | 2.92 | 56.14 | 59.06 | OK | |
r-devel-linux-x86_64-fedora-clang | 1.0.1 | 105.68 | NOTE | |||
r-devel-linux-x86_64-fedora-gcc | 1.0.1 | 103.29 | OK | |||
r-devel-windows-x86_64 | 1.0.1 | 21.00 | 106.00 | 127.00 | NOTE | |
r-patched-linux-x86_64 | 1.0.1 | 4.81 | 73.73 | 78.54 | OK | |
r-release-linux-x86_64 | 1.0.1 | 4.82 | 74.01 | 78.83 | OK | |
r-release-macos-arm64 | 1.0.1 | 32.00 | NOTE | |||
r-release-macos-x86_64 | 1.0.1 | 56.00 | NOTE | |||
r-release-windows-x86_64 | 1.0.1 | 20.00 | 106.00 | 126.00 | NOTE | |
r-oldrel-macos-arm64 | 1.0.1 | 36.00 | NOTE | |||
r-oldrel-macos-x86_64 | 1.0.1 | 45.00 | NOTE | |||
r-oldrel-windows-ix86+x86_64 | 1.0.1 | 9.00 | 100.00 | 109.00 | NOTE |
Version: 1.0.1
Check: installed package size
Result: NOTE
installed size is 7.6Mb
sub-directories of 1Mb or more:
doc 7.4Mb
Flavors: r-devel-linux-x86_64-fedora-clang, r-devel-windows-x86_64, r-release-macos-arm64, r-release-macos-x86_64, r-release-windows-x86_64, r-oldrel-macos-arm64, r-oldrel-macos-x86_64, r-oldrel-windows-ix86+x86_64