Last updated on 2022-08-15 08:50:02 CEST.
Flavor | Version | Tinstall | Tcheck | Ttotal | Status | Flags |
---|---|---|---|---|---|---|
r-devel-linux-x86_64-debian-clang | 1.0.6 | 42.28 | 78.64 | 120.92 | OK | |
r-devel-linux-x86_64-debian-gcc | 1.0.6 | 27.87 | 59.23 | 87.10 | OK | |
r-devel-linux-x86_64-fedora-clang | 1.0.6 | 155.07 | OK | |||
r-devel-linux-x86_64-fedora-gcc | 1.0.6 | 147.97 | OK | |||
r-devel-windows-x86_64 | 1.0.6 | 36.00 | 125.00 | 161.00 | OK | |
r-patched-linux-x86_64 | 1.0.6 | 31.11 | 72.72 | 103.83 | OK | |
r-release-linux-x86_64 | 1.0.6 | 34.72 | 73.42 | 108.14 | OK | |
r-release-macos-arm64 | 1.0.6 | 42.00 | OK | |||
r-release-macos-x86_64 | 1.0.6 | 59.00 | OK | |||
r-release-windows-x86_64 | 1.0.6 | 99.00 | 125.00 | 224.00 | OK | |
r-oldrel-macos-arm64 | 1.0.6 | 35.00 | OK | |||
r-oldrel-macos-x86_64 | 1.0.6 | 59.00 | OK | |||
r-oldrel-windows-ix86+x86_64 | 1.0.6 | 91.00 | 138.00 | 229.00 | NOTE |
Version: 1.0.6
Check: installed package size
Result: NOTE
installed size is 5.3Mb
sub-directories of 1Mb or more:
libs 2.2Mb
Flavor: r-oldrel-windows-ix86+x86_64