Last updated on 2022-08-15 08:50:02 CEST.
Flavor | Version | Tinstall | Tcheck | Ttotal | Status | Flags |
---|---|---|---|---|---|---|
r-devel-linux-x86_64-debian-clang | 0.4.6 | 8.31 | 90.12 | 98.43 | NOTE | |
r-devel-linux-x86_64-debian-gcc | 0.4.6 | 5.86 | 66.98 | 72.84 | NOTE | |
r-devel-linux-x86_64-fedora-clang | 0.4.6 | 124.02 | NOTE | |||
r-devel-linux-x86_64-fedora-gcc | 0.4.6 | 126.82 | NOTE | |||
r-devel-windows-x86_64 | 0.4.6 | 22.00 | 129.00 | 151.00 | NOTE | |
r-patched-linux-x86_64 | 0.4.6 | 7.18 | 85.81 | 92.99 | OK | |
r-release-linux-x86_64 | 0.4.6 | 7.06 | 84.92 | 91.98 | OK | |
r-release-macos-arm64 | 0.4.6 | 38.00 | OK | |||
r-release-macos-x86_64 | 0.4.6 | 50.00 | OK | |||
r-release-windows-x86_64 | 0.4.6 | 23.00 | 130.00 | 153.00 | OK | |
r-oldrel-macos-arm64 | 0.4.6 | 37.00 | OK | |||
r-oldrel-macos-x86_64 | 0.4.6 | 46.00 | OK | |||
r-oldrel-windows-ix86+x86_64 | 0.4.6 | 25.00 | 151.00 | 176.00 | OK |
Version: 0.4.6
Check: package subdirectories
Result: NOTE
Problems with news in 'NEWS.md':
Cannot extract version info from the following section titles:
Other ideas
Flavors: r-devel-linux-x86_64-debian-clang, r-devel-linux-x86_64-debian-gcc, r-devel-linux-x86_64-fedora-clang, r-devel-linux-x86_64-fedora-gcc, r-devel-windows-x86_64
Version: 0.4.6
Check: Rd cross-references
Result: NOTE
Undeclared package ‘sfheaders’ in Rd xrefs
Flavor: r-devel-linux-x86_64-fedora-clang