Last updated on 2022-08-15 08:50:02 CEST.
Flavor | Version | Tinstall | Tcheck | Ttotal | Status | Flags |
---|---|---|---|---|---|---|
r-devel-linux-x86_64-debian-clang | 0.1.0 | 14.64 | 158.50 | 173.14 | NOTE | |
r-devel-linux-x86_64-debian-gcc | 0.1.0 | 11.31 | 112.12 | 123.43 | NOTE | |
r-devel-linux-x86_64-fedora-clang | 0.1.0 | 212.35 | NOTE | |||
r-devel-linux-x86_64-fedora-gcc | 0.1.0 | 225.35 | NOTE | |||
r-devel-windows-x86_64 | 0.1.0 | 58.00 | 166.00 | 224.00 | NOTE | |
r-patched-linux-x86_64 | 0.1.0 | 16.04 | 137.45 | 153.49 | OK | |
r-release-linux-x86_64 | 0.1.0 | 14.72 | 137.35 | 152.07 | OK | |
r-release-macos-arm64 | 0.1.0 | 49.00 | NOTE | |||
r-release-macos-x86_64 | 0.1.0 | 64.00 | NOTE | |||
r-release-windows-x86_64 | 0.1.0 | 48.00 | 170.00 | 218.00 | OK | |
r-oldrel-macos-arm64 | 0.1.0 | 57.00 | NOTE | |||
r-oldrel-macos-x86_64 | 0.1.0 | 98.00 | NOTE | |||
r-oldrel-windows-ix86+x86_64 | 0.1.0 | 25.00 | 166.00 | 191.00 | OK |
Version: 0.1.0
Check: Rd files
Result: NOTE
checkRd: (-1) euc.dist.Rd:50: Escaped LaTeX specials: \&
Flavors: r-devel-linux-x86_64-debian-clang, r-devel-linux-x86_64-debian-gcc, r-devel-linux-x86_64-fedora-clang, r-devel-linux-x86_64-fedora-gcc, r-devel-windows-x86_64
Version: 0.1.0
Check: HTML version of manual
Result: NOTE
Found the following math rendering problems:
funsW345values.Rd:28-29: Undefined control sequence: \boldmath in ...ymbol \delta^t \boldmath A(\theta)) \bol...
funsW345values.Rd:30: Undefined control sequence: \boldmath in \boldmath A(\theta) = (a_...
Flavors: r-devel-linux-x86_64-debian-clang, r-devel-linux-x86_64-debian-gcc, r-devel-linux-x86_64-fedora-clang, r-devel-linux-x86_64-fedora-gcc
Version: 0.1.0
Check: dependencies in R code
Result: NOTE
Namespace in Imports field not imported from: ‘Rdpack’
All declared Imports should be used.
Flavors: r-devel-linux-x86_64-fedora-clang, r-devel-linux-x86_64-fedora-gcc, r-release-macos-arm64, r-release-macos-x86_64, r-oldrel-macos-arm64, r-oldrel-macos-x86_64
Version: 0.1.0
Check: Rd cross-references
Result: NOTE
Undeclared package ‘pcds’ in Rd xrefs
Flavor: r-devel-linux-x86_64-fedora-clang