Last updated on 2022-08-15 08:50:02 CEST.
Flavor | Version | Tinstall | Tcheck | Ttotal | Status | Flags |
---|---|---|---|---|---|---|
r-devel-linux-x86_64-debian-clang | 3.0 | 14.50 | 122.65 | 137.15 | NOTE | |
r-devel-linux-x86_64-debian-gcc | 3.0 | 12.25 | 90.17 | 102.42 | NOTE | |
r-devel-linux-x86_64-fedora-clang | 3.0 | 171.42 | NOTE | |||
r-devel-linux-x86_64-fedora-gcc | 3.0 | 172.39 | NOTE | |||
r-devel-windows-x86_64 | 3.0 | 20.00 | 132.00 | 152.00 | NOTE | |
r-patched-linux-x86_64 | 3.0 | 11.94 | 113.32 | 125.26 | NOTE | |
r-release-linux-x86_64 | 3.0 | 8.78 | 115.54 | 124.32 | NOTE | |
r-release-macos-arm64 | 3.0 | 50.00 | NOTE | |||
r-release-macos-x86_64 | 3.0 | 69.00 | NOTE | |||
r-release-windows-x86_64 | 3.0 | 18.00 | 135.00 | 153.00 | NOTE | |
r-oldrel-macos-arm64 | 3.0 | 45.00 | NOTE | |||
r-oldrel-macos-x86_64 | 3.0 | 61.00 | NOTE | |||
r-oldrel-windows-ix86+x86_64 | 3.0 | 34.00 | 132.00 | 166.00 | NOTE |
Version: 3.0
Check: LazyData
Result: NOTE
'LazyData' is specified without a 'data' directory
Flavors: r-devel-linux-x86_64-debian-clang, r-devel-linux-x86_64-debian-gcc, r-devel-linux-x86_64-fedora-clang, r-devel-linux-x86_64-fedora-gcc, r-devel-windows-x86_64, r-patched-linux-x86_64, r-release-linux-x86_64, r-release-macos-arm64, r-release-macos-x86_64, r-release-windows-x86_64, r-oldrel-macos-arm64, r-oldrel-macos-x86_64, r-oldrel-windows-ix86+x86_64