Last updated on 2022-08-15 08:50:02 CEST.
Flavor | Version | Tinstall | Tcheck | Ttotal | Status | Flags |
---|---|---|---|---|---|---|
r-devel-linux-x86_64-debian-clang | 0.2.2 | 22.70 | 58.23 | 80.93 | NOTE | |
r-devel-linux-x86_64-debian-gcc | 0.2.2 | 16.77 | 42.40 | 59.17 | NOTE | |
r-devel-linux-x86_64-fedora-clang | 0.2.2 | 113.93 | NOTE | |||
r-devel-linux-x86_64-fedora-gcc | 0.2.2 | 104.39 | NOTE | |||
r-devel-windows-x86_64 | 0.2.2 | 49.00 | 98.00 | 147.00 | NOTE | |
r-patched-linux-x86_64 | 0.2.2 | 18.10 | 53.62 | 71.72 | NOTE | |
r-release-linux-x86_64 | 0.2.2 | 17.76 | 54.17 | 71.93 | NOTE | |
r-release-macos-arm64 | 0.2.2 | 30.00 | NOTE | |||
r-release-macos-x86_64 | 0.2.2 | 40.00 | NOTE | |||
r-release-windows-x86_64 | 0.2.2 | 53.00 | 103.00 | 156.00 | NOTE | |
r-oldrel-macos-arm64 | 0.2.2 | 36.00 | NOTE | |||
r-oldrel-macos-x86_64 | 0.2.2 | 50.00 | NOTE | |||
r-oldrel-windows-ix86+x86_64 | 0.2.2 | 55.00 | 128.00 | 183.00 | NOTE |
Version: 0.2.2
Check: LazyData
Result: NOTE
'LazyData' is specified without a 'data' directory
Flavors: r-devel-linux-x86_64-debian-clang, r-devel-linux-x86_64-debian-gcc, r-devel-linux-x86_64-fedora-clang, r-devel-linux-x86_64-fedora-gcc, r-devel-windows-x86_64, r-patched-linux-x86_64, r-release-linux-x86_64, r-release-macos-arm64, r-release-macos-x86_64, r-release-windows-x86_64, r-oldrel-macos-arm64, r-oldrel-macos-x86_64, r-oldrel-windows-ix86+x86_64
Version: 0.2.2
Check: compiled code
Result: NOTE
File ‘noncompliance/libs/noncompliance.so’:
Found no calls to: ‘R_registerRoutines’, ‘R_useDynamicSymbols’
It is good practice to register native routines and to disable symbol
search.
See ‘Writing portable packages’ in the ‘Writing R Extensions’ manual.
Flavors: r-devel-linux-x86_64-fedora-clang, r-devel-linux-x86_64-fedora-gcc