Last updated on 2022-08-15 08:50:02 CEST.
Flavor | Version | Tinstall | Tcheck | Ttotal | Status | Flags |
---|---|---|---|---|---|---|
r-devel-linux-x86_64-debian-clang | 0.4.0 | 21.69 | 266.18 | 287.87 | OK | |
r-devel-linux-x86_64-debian-gcc | 0.4.0 | 14.30 | 199.41 | 213.71 | OK | |
r-devel-linux-x86_64-fedora-clang | 0.4.0 | 346.19 | NOTE | |||
r-devel-linux-x86_64-fedora-gcc | 0.4.0 | 353.10 | NOTE | |||
r-devel-windows-x86_64 | 0.4.0 | 22.00 | 296.00 | 318.00 | OK | |
r-patched-linux-x86_64 | 0.4.0 | 19.90 | 250.51 | 270.41 | OK | |
r-release-linux-x86_64 | 0.4.0 | 13.11 | 249.37 | 262.48 | OK | |
r-release-macos-arm64 | 0.4.0 | 96.00 | NOTE | |||
r-release-macos-x86_64 | 0.4.0 | 159.00 | NOTE | |||
r-release-windows-x86_64 | 0.4.0 | 24.00 | 275.00 | 299.00 | OK | |
r-oldrel-macos-arm64 | 0.4.0 | 149.00 | NOTE | |||
r-oldrel-macos-x86_64 | 0.4.0 | 198.00 | NOTE | |||
r-oldrel-windows-ix86+x86_64 | 0.4.0 | 44.00 | 297.00 | 341.00 | OK |
Version: 0.4.0
Check: dependencies in R code
Result: NOTE
Namespaces in Imports field not imported from:
‘dplyr’ ‘e1071’ ‘pROC’ ‘purrr’ ‘randomForest’ ‘rlang’
All declared Imports should be used.
Flavors: r-devel-linux-x86_64-fedora-clang, r-devel-linux-x86_64-fedora-gcc, r-release-macos-arm64, r-release-macos-x86_64, r-oldrel-macos-arm64, r-oldrel-macos-x86_64