Last updated on 2022-08-15 08:50:02 CEST.
Flavor | Version | Tinstall | Tcheck | Ttotal | Status | Flags |
---|---|---|---|---|---|---|
r-devel-linux-x86_64-debian-clang | 0.5-5 | 3.90 | 61.33 | 65.23 | NOTE | |
r-devel-linux-x86_64-debian-gcc | 0.5-5 | 3.27 | 46.81 | 50.08 | NOTE | |
r-devel-linux-x86_64-fedora-clang | 0.5-5 | 89.94 | NOTE | |||
r-devel-linux-x86_64-fedora-gcc | 0.5-5 | 89.06 | NOTE | |||
r-devel-windows-x86_64 | 0.5-5 | 13.00 | 89.00 | 102.00 | NOTE | |
r-patched-linux-x86_64 | 0.5-5 | 3.17 | 57.35 | 60.52 | NOTE | |
r-release-linux-x86_64 | 0.5-5 | 3.71 | 58.74 | 62.45 | NOTE | |
r-release-macos-arm64 | 0.5-5 | 29.00 | NOTE | |||
r-release-macos-x86_64 | 0.5-5 | 39.00 | NOTE | |||
r-release-windows-x86_64 | 0.5-5 | 18.00 | 91.00 | 109.00 | NOTE | |
r-oldrel-macos-arm64 | 0.5-5 | 32.00 | NOTE | |||
r-oldrel-macos-x86_64 | 0.5-5 | 49.00 | NOTE | |||
r-oldrel-windows-ix86+x86_64 | 0.5-5 | 9.00 | 90.00 | 99.00 | NOTE |
Version: 0.5-5
Check: LazyData
Result: NOTE
'LazyData' is specified without a 'data' directory
Flavors: r-devel-linux-x86_64-debian-clang, r-devel-linux-x86_64-debian-gcc, r-devel-linux-x86_64-fedora-clang, r-devel-linux-x86_64-fedora-gcc, r-devel-windows-x86_64, r-patched-linux-x86_64, r-release-linux-x86_64, r-release-macos-arm64, r-release-macos-x86_64, r-release-windows-x86_64, r-oldrel-macos-arm64, r-oldrel-macos-x86_64, r-oldrel-windows-ix86+x86_64