Last updated on 2022-08-15 08:50:02 CEST.
Flavor | Version | Tinstall | Tcheck | Ttotal | Status | Flags |
---|---|---|---|---|---|---|
r-devel-linux-x86_64-debian-clang | 1.3-0 | 2.05 | 33.91 | 35.96 | OK | |
r-devel-linux-x86_64-debian-gcc | 1.3-0 | 2.63 | 26.18 | 28.81 | OK | |
r-devel-linux-x86_64-fedora-clang | 1.3-0 | 57.55 | NOTE | |||
r-devel-linux-x86_64-fedora-gcc | 1.3-0 | 53.86 | OK | |||
r-devel-windows-x86_64 | 1.3-0 | 10.00 | 57.00 | 67.00 | OK | |
r-patched-linux-x86_64 | 1.3-0 | 4.06 | 32.28 | 36.34 | OK | |
r-release-linux-x86_64 | 1.3-0 | 2.65 | 32.57 | 35.22 | OK | |
r-release-macos-arm64 | 1.3-0 | 18.00 | OK | |||
r-release-macos-x86_64 | 1.3-0 | 26.00 | OK | |||
r-release-windows-x86_64 | 1.3-0 | 17.00 | 55.00 | 72.00 | OK | |
r-oldrel-macos-arm64 | 1.3-0 | 24.00 | OK | |||
r-oldrel-macos-x86_64 | 1.3-0 | 33.00 | OK | |||
r-oldrel-windows-ix86+x86_64 | 1.3-0 | 8.00 | 55.00 | 63.00 | OK |
Version: 1.3-0
Check: Rd cross-references
Result: NOTE
Undeclared package ‘copula’ in Rd xrefs
Flavor: r-devel-linux-x86_64-fedora-clang