Last updated on 2022-08-15 08:50:02 CEST.
Flavor | Version | Tinstall | Tcheck | Ttotal | Status | Flags |
---|---|---|---|---|---|---|
r-devel-linux-x86_64-debian-clang | 1.0.0 | 4.58 | 56.68 | 61.26 | NOTE | |
r-devel-linux-x86_64-debian-gcc | 1.0.0 | 3.74 | 42.96 | 46.70 | NOTE | |
r-devel-linux-x86_64-fedora-clang | 1.0.0 | 85.10 | NOTE | |||
r-devel-linux-x86_64-fedora-gcc | 1.0.0 | 82.31 | NOTE | |||
r-devel-windows-x86_64 | 1.0.0 | 11.00 | 83.00 | 94.00 | NOTE | |
r-patched-linux-x86_64 | 1.0.0 | 3.53 | 53.42 | 56.95 | NOTE | |
r-release-linux-x86_64 | 1.0.0 | 4.76 | 53.67 | 58.43 | NOTE | |
r-release-macos-arm64 | 1.0.0 | 24.00 | NOTE | |||
r-release-macos-x86_64 | 1.0.0 | 48.00 | NOTE | |||
r-release-windows-x86_64 | 1.0.0 | 10.00 | 85.00 | 95.00 | NOTE | |
r-oldrel-macos-arm64 | 1.0.0 | 33.00 | NOTE | |||
r-oldrel-macos-x86_64 | 1.0.0 | 43.00 | NOTE | |||
r-oldrel-windows-ix86+x86_64 | 1.0.0 | 15.00 | 74.00 | 89.00 | NOTE |
Version: 1.0.0
Check: LazyData
Result: NOTE
'LazyData' is specified without a 'data' directory
Flavors: r-devel-linux-x86_64-debian-clang, r-devel-linux-x86_64-debian-gcc, r-devel-linux-x86_64-fedora-clang, r-devel-linux-x86_64-fedora-gcc, r-devel-windows-x86_64, r-patched-linux-x86_64, r-release-linux-x86_64, r-release-macos-arm64, r-release-macos-x86_64, r-release-windows-x86_64, r-oldrel-macos-arm64, r-oldrel-macos-x86_64, r-oldrel-windows-ix86+x86_64