Last updated on 2022-08-15 08:50:02 CEST.
Flavor | Version | Tinstall | Tcheck | Ttotal | Status | Flags |
---|---|---|---|---|---|---|
r-devel-linux-x86_64-debian-clang | 2.1.0 | 3.81 | 43.05 | 46.86 | NOTE | |
r-devel-linux-x86_64-debian-gcc | 2.1.0 | 2.80 | 32.26 | 35.06 | NOTE | |
r-devel-linux-x86_64-fedora-clang | 2.1.0 | 67.37 | NOTE | |||
r-devel-linux-x86_64-fedora-gcc | 2.1.0 | 63.50 | NOTE | |||
r-devel-windows-x86_64 | 2.1.0 | 21.00 | 88.00 | 109.00 | NOTE | |
r-patched-linux-x86_64 | 2.1.0 | 3.90 | 39.81 | 43.71 | OK | |
r-release-linux-x86_64 | 2.1.0 | 2.80 | 40.70 | 43.50 | OK | |
r-release-macos-arm64 | 2.1.0 | 46.00 | NOTE | |||
r-release-macos-x86_64 | 2.1.0 | 70.00 | NOTE | |||
r-release-windows-x86_64 | 2.1.0 | 18.00 | 92.00 | 110.00 | OK | |
r-oldrel-macos-arm64 | 2.1.0 | 47.00 | NOTE | |||
r-oldrel-macos-x86_64 | 2.1.0 | 56.00 | NOTE | |||
r-oldrel-windows-ix86+x86_64 | 2.1.0 | 8.00 | 79.00 | 87.00 | OK |
Version: 2.1.0
Check: package subdirectories
Result: NOTE
Problems with news in 'NEWS.md':
Cannot extract version info from the following section titles:
norgeo (development version)
Flavors: r-devel-linux-x86_64-debian-clang, r-devel-linux-x86_64-debian-gcc, r-devel-linux-x86_64-fedora-clang, r-devel-linux-x86_64-fedora-gcc, r-devel-windows-x86_64
Version: 2.1.0
Check: dependencies in R code
Result: NOTE
Namespaces in Imports field not imported from:
‘progressr’ ‘vcr’
All declared Imports should be used.
Flavors: r-devel-linux-x86_64-fedora-clang, r-devel-linux-x86_64-fedora-gcc, r-release-macos-arm64, r-release-macos-x86_64, r-oldrel-macos-arm64, r-oldrel-macos-x86_64