Last updated on 2022-08-15 08:50:02 CEST.
Flavor | Version | Tinstall | Tcheck | Ttotal | Status | Flags |
---|---|---|---|---|---|---|
r-devel-linux-x86_64-debian-clang | 1.1.0 | 6.56 | 239.08 | 245.64 | OK | |
r-devel-linux-x86_64-debian-gcc | 1.1.0 | 4.82 | 165.40 | 170.22 | OK | |
r-devel-linux-x86_64-fedora-clang | 1.1.0 | 274.86 | OK | |||
r-devel-linux-x86_64-fedora-gcc | 1.1.0 | 291.78 | OK | |||
r-devel-windows-x86_64 | 1.1.0 | 27.00 | 250.00 | 277.00 | OK | |
r-patched-linux-x86_64 | 1.1.0 | 7.13 | 209.10 | 216.23 | OK | |
r-release-linux-x86_64 | 1.1.0 | 3.46 | 210.53 | 213.99 | OK | |
r-release-macos-arm64 | 1.1.0 | 61.00 | NOTE | |||
r-release-macos-x86_64 | 1.1.0 | 100.00 | OK | |||
r-release-windows-x86_64 | 1.1.0 | 36.00 | 259.00 | 295.00 | OK | |
r-oldrel-macos-arm64 | 1.1.0 | 77.00 | NOTE | |||
r-oldrel-macos-x86_64 | 1.1.0 | 83.00 | NOTE | |||
r-oldrel-windows-ix86+x86_64 | 1.1.0 | 11.00 | 261.00 | 272.00 | OK |
Version: 1.1.0
Check: package dependencies
Result: NOTE
Packages suggested but not available for checking: 'treeio', 'ggtree'
Flavors: r-release-macos-arm64, r-oldrel-macos-arm64, r-oldrel-macos-x86_64
Version: 1.1.0
Check: Rd cross-references
Result: NOTE
Package unavailable to check Rd xrefs: ‘treeio’
Flavors: r-release-macos-arm64, r-oldrel-macos-arm64, r-oldrel-macos-x86_64