Last updated on 2022-08-15 08:50:02 CEST.
Flavor | Version | Tinstall | Tcheck | Ttotal | Status | Flags |
---|---|---|---|---|---|---|
r-devel-linux-x86_64-debian-clang | 0.60-11 | 62.01 | 475.58 | 537.59 | WARN | |
r-devel-linux-x86_64-debian-gcc | 0.60-11 | 56.21 | 342.00 | 398.21 | WARN | |
r-devel-linux-x86_64-fedora-clang | 0.60-11 | 652.51 | WARN | |||
r-devel-linux-x86_64-fedora-gcc | 0.60-11 | 642.93 | WARN | |||
r-devel-windows-x86_64 | 0.60-11 | 99.00 | 124.00 | 223.00 | OK | --no-examples --no-tests --no-vignettes |
r-patched-linux-x86_64 | 0.60-11 | 63.96 | 457.34 | 521.30 | WARN | |
r-release-linux-x86_64 | 0.60-11 | 51.90 | 447.68 | 499.58 | WARN | |
r-release-macos-arm64 | 0.60-11 | 298.00 | OK | |||
r-release-macos-x86_64 | 0.60-11 | 330.00 | OK | |||
r-release-windows-x86_64 | 0.60-11 | 93.00 | 122.00 | 215.00 | OK | --no-examples --no-tests --no-vignettes |
r-oldrel-macos-arm64 | 0.60-11 | 328.00 | OK | |||
r-oldrel-macos-x86_64 | 0.60-11 | 332.00 | OK | |||
r-oldrel-windows-ix86+x86_64 | 0.60-11 | 134.00 | 156.00 | 290.00 | OK | --no-examples --no-tests --no-vignettes |
Version: 0.60-11
Check: re-building of vignette outputs
Result: WARN
Error(s) in re-building vignettes:
...
--- re-building 'entropy_np.Rnw' using Sweave
Nonparametric Kernel Methods for Mixed Datatypes (version 0.60-11)
[vignette("np_faq",package="np") provides answers to frequently asked questions]
[vignette("np",package="np") an overview]
[vignette("entropy_np",package="np") an overview of entropy-based methods]
Error: processing vignette 'entropy_np.Rnw' failed with diagnostics:
Running 'texi2dvi' on 'entropy_np.tex' failed.
LaTeX errors:
! Argument of  has an extra }.
<inserted text>
\par
l.57 \begin{document}
! Emergency stop.
<inserted text>
\par
l.57 \begin{document}
! ==> Fatal error occurred, no output PDF file produced!
--- failed re-building 'entropy_np.Rnw'
--- re-building 'np.Rnw' using Sweave
Warning in Ops.factor(dfemale + dmarried + educ + exper + tenure, female) :
'|' not meaningful for factors
Error: processing vignette 'np.Rnw' failed with diagnostics:
Running 'texi2dvi' on 'np.tex' failed.
LaTeX errors:
! Argument of  has an extra }.
<inserted text>
\par
l.77 \begin{document}
! Emergency stop.
<inserted text>
\par
l.77 \begin{document}
! ==> Fatal error occurred, no output PDF file produced!
--- failed re-building 'np.Rnw'
--- re-building 'np_faq.Rnw' using Sweave
--- finished re-building 'np_faq.Rnw'
SUMMARY: processing the following files failed:
'entropy_np.Rnw' 'np.Rnw'
Error: Vignette re-building failed.
Execution halted
Flavor: r-devel-linux-x86_64-debian-clang
Version: 0.60-11
Check: re-building of vignette outputs
Result: WARN
Error(s) in re-building vignettes:
...
--- re-building ‘entropy_np.Rnw’ using Sweave
Nonparametric Kernel Methods for Mixed Datatypes (version 0.60-11)
[vignette("np_faq",package="np") provides answers to frequently asked questions]
[vignette("np",package="np") an overview]
[vignette("entropy_np",package="np") an overview of entropy-based methods]
Error: processing vignette ‘entropy_np.Rnw’ failed with diagnostics:
Running ‘texi2dvi’ on ‘entropy_np.tex’ failed.
LaTeX errors:
! Argument of <c2> has an extra }.
<inserted text>
\par
l.57 \begin{document}
! Emergency stop.
<inserted text>
\par
l.57 \begin{document}
! ==> Fatal error occurred, no output PDF file produced!
--- failed re-building ‘entropy_np.Rnw’
--- re-building ‘np.Rnw’ using Sweave
Warning in Ops.factor(dfemale + dmarried + educ + exper + tenure, female) :
‘|’ not meaningful for factors
Error: processing vignette ‘np.Rnw’ failed with diagnostics:
Running ‘texi2dvi’ on ‘np.tex’ failed.
LaTeX errors:
! Argument of <c2> has an extra }.
<inserted text>
\par
l.77 \begin{document}
! Emergency stop.
<inserted text>
\par
l.77 \begin{document}
! ==> Fatal error occurred, no output PDF file produced!
--- failed re-building ‘np.Rnw’
--- re-building ‘np_faq.Rnw’ using Sweave
--- finished re-building ‘np_faq.Rnw’
SUMMARY: processing the following files failed:
‘entropy_np.Rnw’ ‘np.Rnw’
Error: Vignette re-building failed.
Execution halted
Flavors: r-devel-linux-x86_64-debian-gcc, r-patched-linux-x86_64, r-release-linux-x86_64
Version: 0.60-11
Check: Rd cross-references
Result: NOTE
Undeclared packages ‘logspline’, ‘ks’ in Rd xrefs
Flavor: r-devel-linux-x86_64-fedora-clang
Version: 0.60-11
Check: re-building of vignette outputs
Result: WARN
Error(s) in re-building vignettes:
--- re-building ‘entropy_np.Rnw’ using Sweave
Nonparametric Kernel Methods for Mixed Datatypes (version 0.60-11)
[vignette("np_faq",package="np") provides answers to frequently asked questions]
[vignette("np",package="np") an overview]
[vignette("entropy_np",package="np") an overview of entropy-based methods]
Error: processing vignette 'entropy_np.Rnw' failed with diagnostics:
Running 'texi2dvi' on 'entropy_np.tex' failed.
LaTeX errors:
! Argument of <c2> has an extra }.
<inserted text>
\par
l.57 \begin{document}
! Paragraph ended before <c2> was complete.
<to be read again>
\par
l.57 \begin{document}
! Argument of <c3> has an extra }.
<inserted text>
\par
l.57 \begin{document}
! Paragraph ended before <c3> was complete.
<to be read again>
\par
l.57 \begin{document}
! Argument of <c4> has an extra }.
<inserted text>
\par
l.57 \begin{document}
! Paragraph ended before <c4> was complete.
<to be read again>
\par
l.57 \begin{document}
! Argument of <c5> has an extra }.
<inserted text>
\par
l.57 \begin{document}
! Paragraph ended before <c5> was complete.
<to be read again>
\par
l.57 \begin{document}
! Argument of <c6> has an extra }.
<inserted text>
\par
l.57 \begin{document}
! Paragraph ended before <c6> was complete.
<to be read again>
\par
l.57 \begin{document}
! Argument of <c7> has an extra }.
<inserted text>
\par
l.57 \begin{document}
! Paragraph ended before <c7> was complete.
<to be read again>
\par
l.57 \begin{document}
! Argument of <c8> has an extra }.
<inserted text>
\par
l.57 \begin{document}
! Paragraph ended before <c8> was complete.
<to be read again>
\par
l.57 \begin{document}
! Argument of <c9> has an extra }.
<inserted text>
\par
l.57 \begin{document}
! Paragraph ended before <c9> was complete.
<to be read again>
\par
l.57 \begin{document}
! Argument of <ca> has an extra }.
<inserted text>
\par
l.57 \begin{document}
! Paragraph ended before <ca> was complete.
<to be read again>
\par
l.57 \begin{document}
! Argument of <cb> has an extra }.
<inserted text>
\par
l.57 \begin{document}
! Paragraph ended before <cb> was complete.
<to be read again>
\par
l.57 \begin{document}
! Argument of <cc> has an extra }.
<inserted text>
\par
l.57 \begin{document}
! Paragraph ended before <cc> was complete.
<to be read again>
\par
l.57 \begin{document}
! Argument of <cd> has an extra }.
<inserted text>
\par
l.57 \begin{document}
! Paragraph ended before <cd> was complete.
<to be read again>
\par
l.57 \begin{document}
! Argument of <ce> has an extra }.
<inserted text>
\par
l.57 \begin{document}
! Paragraph ended before <ce> was complete.
<to be read again>
\par
l.57 \begin{document}
! Argument of <cf> has an extra }.
<inserted text>
\par
l.57 \begin{document}
! Paragraph ended before <cf> was complete.
<to be read again>
\par
l.57 \begin{document}
! Argument of <d0> has an extra }.
<inserted text>
\par
l.57 \begin{document}
! Paragraph ended before <d0> was complete.
<to be read again>
\par
l.57 \begin{document}
! Argument of <d1> has an extra }.
<inserted text>
\par
l.57 \begin{document}
! Paragraph ended before <d1> was complete.
<to be read again>
\par
l.57 \begin{document}
! Argument of <d2> has an extra }.
<inserted text>
\par
l.57 \begin{document}
! Paragraph ended before <d2> was complete.
<to be read again>
\par
l.57 \begin{document}
! Argument of <d3> has an extra }.
<inserted text>
\par
l.57 \begin{document}
! Paragraph ended before <d3> was complete.
<to be read again>
\par
l.57 \begin{document}
! Argument of <d4> has an extra }.
<inserted text>
\par
l.57 \begin{document}
! Paragraph ended before <d4> was complete.
<to be read again>
\par
l.57 \begin{document}
! Argument of <d5> has an extra }.
<inserted text>
\par
l.57 \begin{document}
! Paragraph ended before <d5> was complete.
<to be read again>
\par
l.57 \begin{document}
! Argument of <d6> has an extra }.
<inserted text>
\par
l.57 \begin{document}
! Paragraph ended before <d6> was complete.
<to be read again>
\par
l.57 \begin{document}
! Argument of <d7> has an extra }.
<inserted text>
\par
l.57 \begin{document}
! Paragraph ended before <d7> was complete.
<to be read again>
\par
l.57 \begin{document}
! Argument of <d8> has an extra }.
<inserted text>
\par
l.57 \begin{document}
! Paragraph ended before <d8> was complete.
<to be read again>
\par
l.57 \begin{document}
! Argument of <d9> has an extra }.
<inserted text>
\par
l.57 \begin{document}
! Paragraph ended before <d9> was complete.
<to be read again>
\par
l.57 \begin{document}
! Argument of <da> has an extra }.
<inserted text>
\par
l.57 \begin{document}
! Paragraph ended before <da> was complete.
<to be read again>
\par
l.57 \begin{document}
! Argument of <db> has an extra }.
<inserted text>
\par
l.57 \begin{document}
! Paragraph ended before <db> was complete.
<to be read again>
\par
l.57 \begin{document}
! Argument of <dc> has an extra }.
<inserted text>
\par
l.57 \begin{document}
! Paragraph ended before <dc> was complete.
<to be read again>
\par
l.57 \begin{document}
! Argument of <dd> has an extra }.
<inserted text>
\par
l.57 \begin{document}
! Paragraph ended before <dd> was complete.
<to be read again>
\par
l.57 \begin{document}
! Argument of <de> has an extra }.
<inserted text>
\par
l.57 \begin{document}
! Paragraph ended before <de> was complete.
<to be read again>
\par
l.57 \begin{document}
! Argument of <df> has an extra }.
<inserted text>
\par
l.57 \begin{document}
! Paragraph ended before <df> was complete.
<to be read again>
\par
l.57 \begin{document}
! Argument of <e0> has an extra }.
<inserted text>
\par
l.57 \begin{document}
! Paragraph ended before <e0> was complete.
<to be read again>
\par
l.57 \begin{document}
! Argument of <e1> has an extra }.
<inserted text>
\par
l.57 \begin{document}
! Paragraph ended before <e1> was complete.
<to be read again>
\par
l.57 \begin{document}
! Argument of <e2> has an extra }.
<inserted text>
\par
l.57 \begin{document}
--- failed re-building ‘entropy_np.Rnw’
--- re-building ‘np.Rnw’ using Sweave
Warning in Ops.factor(dfemale + dmarried + educ + exper + tenure, female) :
‘|’ not meaningful for factors
Error: processing vignette 'np.Rnw' failed with diagnostics:
Running 'texi2dvi' on 'np.tex' failed.
LaTeX errors:
! Argument of <c2> has an extra }.
<inserted text>
\par
l.77 \begin{document}
! Paragraph ended before <c2> was complete.
<to be read again>
\par
l.77 \begin{document}
! Argument of <c3> has an extra }.
<inserted text>
\par
l.77 \begin{document}
! Paragraph ended before <c3> was complete.
<to be read again>
\par
l.77 \begin{document}
! Argument of <c4> has an extra }.
<inserted text>
\par
l.77 \begin{document}
! Paragraph ended before <c4> was complete.
<to be read again>
\par
l.77 \begin{document}
! Argument of <c5> has an extra }.
<inserted text>
\par
l.77 \begin{document}
! Paragraph ended before <c5> was complete.
<to be read again>
\par
l.77 \begin{document}
! Argument of <c6> has an extra }.
<inserted text>
\par
l.77 \begin{document}
! Paragraph ended before <c6> was complete.
<to be read again>
\par
l.77 \begin{document}
! Argument of <c7> has an extra }.
<inserted text>
\par
l.77 \begin{document}
! Paragraph ended before <c7> was complete.
<to be read again>
\par
l.77 \begin{document}
! Argument of <c8> has an extra }.
<inserted text>
\par
l.77 \begin{document}
! Paragraph ended before <c8> was complete.
<to be read again>
\par
l.77 \begin{document}
! Argument of <c9> has an extra }.
<inserted text>
\par
l.77 \begin{document}
! Paragraph ended before <c9> was complete.
<to be read again>
\par
l.77 \begin{document}
! Argument of <ca> has an extra }.
<inserted text>
\par
l.77 \begin{document}
! Paragraph ended before <ca> was complete.
<to be read again>
\par
l.77 \begin{document}
! Argument of <cb> has an extra }.
<inserted text>
\par
l.77 \begin{document}
! Paragraph ended before <cb> was complete.
<to be read again>
\par
l.77 \begin{document}
! Argument of <cc> has an extra }.
<inserted text>
\par
l.77 \begin{document}
! Paragraph ended before <cc> was complete.
<to be read again>
\par
l.77 \begin{document}
! Argument of <cd> has an extra }.
<inserted text>
\par
l.77 \begin{document}
! Paragraph ended before <cd> was complete.
<to be read again>
\par
l.77 \begin{document}
! Argument of <ce> has an extra }.
<inserted text>
\par
l.77 \begin{document}
! Paragraph ended before <ce> was complete.
<to be read again>
\par
l.77 \begin{document}
! Argument of <cf> has an extra }.
<inserted text>
\par
l.77 \begin{document}
! Paragraph ended before <cf> was complete.
<to be read again>
\par
l.77 \begin{document}
! Argument of <d0> has an extra }.
<inserted text>
\par
l.77 \begin{document}
! Paragraph ended before <d0> was complete.
<to be read again>
\par
l.77 \begin{document}
! Argument of <d1> has an extra }.
<inserted text>
\par
l.77 \begin{document}
! Paragraph ended before <d1> was complete.
<to be read again>
\par
l.77 \begin{document}
! Argument of <d2> has an extra }.
<inserted text>
\par
l.77 \begin{document}
! Paragraph ended before <d2> was complete.
<to be read again>
\par
l.77 \begin{document}
! Argument of <d3> has an extra }.
<inserted text>
\par
l.77 \begin{document}
! Paragraph ended before <d3> was complete.
<to be read again>
\par
l.77 \begin{document}
! Argument of <d4> has an extra }.
<inserted text>
\par
l.77 \begin{document}
! Paragraph ended before <d4> was complete.
<to be read again>
\par
l.77 \begin{document}
! Argument of <d5> has an extra }.
<inserted text>
\par
l.77 \begin{document}
! Paragraph ended before <d5> was complete.
<to be read again>
\par
l.77 \begin{document}
! Argument of <d6> has an extra }.
<inserted text>
\par
l.77 \begin{document}
! Paragraph ended before <d6> was complete.
<to be read again>
\par
l.77 \begin{document}
! Argument of <d7> has an extra }.
<inserted text>
\par
l.77 \begin{document}
! Paragraph ended before <d7> was complete.
<to be read again>
\par
l.77 \begin{document}
! Argument of <d8> has an extra }.
<inserted text>
\par
l.77 \begin{document}
! Paragraph ended before <d8> was complete.
<to be read again>
\par
l.77 \begin{document}
! Argument of <d9> has an extra }.
<inserted text>
\par
l.77 \begin{document}
! Paragraph ended before <d9> was complete.
<to be read again>
\par
l.77 \begin{document}
! Argument of <da> has an extra }.
<inserted text>
\par
l.77 \begin{document}
! Paragraph ended before <da> was complete.
<to be read again>
\par
l.77 \begin{document}
! Argument of <db> has an extra }.
<inserted text>
\par
l.77 \begin{document}
! Paragraph ended before <db> was complete.
<to be read again>
\par
l.77 \begin{document}
! Argument of <dc> has an extra }.
<inserted text>
\par
l.77 \begin{document}
! Paragraph ended before <dc> was complete.
<to be read again>
\par
l.77 \begin{document}
! Argument of <dd> has an extra }.
<inserted text>
\par
l.77 \begin{document}
! Paragraph ended before <dd> was complete.
<to be read again>
\par
l.77 \begin{document}
! Argument of <de> has an extra }.
<inserted text>
\par
l.77 \begin{document}
! Paragraph ended before <de> was complete.
<to be read again>
\par
l.77 \begin{document}
! Argument of <df> has an extra }.
<inserted text>
\par
l.77 \begin{document}
! Paragraph ended before <df> was complete.
<to be read again>
\par
l.77 \begin{document}
! Argument of <e0> has an extra }.
<inserted text>
\par
l.77 \begin{document}
! Paragraph ended before <e0> was complete.
<to be read again>
\par
l.77 \begin{document}
! Argument of <e1> has an extra }.
<inserted text>
\par
l.77 \begin{document}
! Paragraph ended before <e1> was complete.
<to be read again>
\par
l.77 \begin{document}
! Argument of <e2> has an extra }.
<inserted text>
\par
l.77 \begin{document}
--- failed re-building ‘np.Rnw’
--- re-building ‘np_faq.Rnw’ using Sweave
--- finished re-building ‘np_faq.Rnw’
SUMMARY: processing the following files failed:
‘entropy_np.Rnw’ ‘np.Rnw’
Error: Vignette re-building failed.
Execution halted
Flavors: r-devel-linux-x86_64-fedora-clang, r-devel-linux-x86_64-fedora-gcc