Last updated on 2022-08-15 08:50:02 CEST.
Flavor | Version | Tinstall | Tcheck | Ttotal | Status | Flags |
---|---|---|---|---|---|---|
r-devel-linux-x86_64-debian-clang | 1.7 | 13.00 | 187.51 | 200.51 | NOTE | |
r-devel-linux-x86_64-debian-gcc | 1.7 | 9.85 | 141.47 | 151.32 | NOTE | |
r-devel-linux-x86_64-fedora-clang | 1.7 | 248.91 | NOTE | |||
r-devel-linux-x86_64-fedora-gcc | 1.7 | 264.17 | NOTE | |||
r-devel-windows-x86_64 | 1.7 | 28.00 | 240.00 | 268.00 | OK | |
r-patched-linux-x86_64 | 1.7 | 13.82 | 175.10 | 188.92 | OK | |
r-release-linux-x86_64 | 1.7 | 12.42 | 174.88 | 187.30 | OK | |
r-release-macos-arm64 | 1.7 | 94.00 | OK | |||
r-release-macos-x86_64 | 1.7 | 123.00 | OK | |||
r-release-windows-x86_64 | 1.7 | 33.00 | 229.00 | 262.00 | OK | |
r-oldrel-macos-arm64 | 1.7 | 89.00 | OK | |||
r-oldrel-macos-x86_64 | 1.7 | 117.00 | OK | |||
r-oldrel-windows-ix86+x86_64 | 1.7 | 28.00 | 254.00 | 282.00 | OK |
Version: 1.7
Check: HTML version of manual
Result: NOTE
Found the following math rendering problems:
cub_spline_est.rd:40: Can't use function '$' in math mode in ...^T \alpha\leq 0$, $j=0,1,\ldots...
Flavors: r-devel-linux-x86_64-debian-clang, r-devel-linux-x86_64-debian-gcc, r-devel-linux-x86_64-fedora-clang, r-devel-linux-x86_64-fedora-gcc