Last updated on 2022-08-15 08:50:02 CEST.
Flavor | Version | Tinstall | Tcheck | Ttotal | Status | Flags |
---|---|---|---|---|---|---|
r-devel-linux-x86_64-debian-clang | 1.0.5 | 16.58 | 218.24 | 234.82 | OK | |
r-devel-linux-x86_64-debian-gcc | 1.0.5 | 13.36 | 159.35 | 172.71 | OK | |
r-devel-linux-x86_64-fedora-clang | 1.0.5 | 284.43 | NOTE | |||
r-devel-linux-x86_64-fedora-gcc | 1.0.5 | 304.06 | NOTE | |||
r-devel-windows-x86_64 | 1.0.5 | 232.00 | 273.00 | 505.00 | OK | |
r-patched-linux-x86_64 | 1.0.5 | 19.79 | 199.96 | 219.75 | OK | |
r-release-linux-x86_64 | 1.0.5 | 14.57 | 200.14 | 214.71 | OK | |
r-release-macos-arm64 | 1.0.5 | 84.00 | NOTE | |||
r-release-macos-x86_64 | 1.0.5 | 167.00 | NOTE | |||
r-release-windows-x86_64 | 1.0.5 | 47.00 | 281.00 | 328.00 | OK | |
r-oldrel-macos-arm64 | 1.0.5 | 103.00 | NOTE | |||
r-oldrel-macos-x86_64 | 1.0.5 | 173.00 | NOTE | |||
r-oldrel-windows-ix86+x86_64 | 1.0.5 | 35.00 | 258.00 | 293.00 | OK |
Version: 1.0.5
Check: dependencies in R code
Result: NOTE
Namespace in Imports field not imported from: ‘rlang’
All declared Imports should be used.
Flavors: r-devel-linux-x86_64-fedora-clang, r-devel-linux-x86_64-fedora-gcc, r-release-macos-arm64, r-release-macos-x86_64, r-oldrel-macos-arm64, r-oldrel-macos-x86_64