Last updated on 2022-08-15 08:50:02 CEST.
Flavor | Version | Tinstall | Tcheck | Ttotal | Status | Flags |
---|---|---|---|---|---|---|
r-devel-linux-x86_64-debian-clang | 1.5.1 | 21.93 | 121.36 | 143.29 | NOTE | |
r-devel-linux-x86_64-debian-gcc | 1.5.1 | 15.40 | 89.39 | 104.79 | NOTE | |
r-devel-linux-x86_64-fedora-clang | 1.5.1 | 176.93 | NOTE | |||
r-devel-linux-x86_64-fedora-gcc | 1.5.1 | 187.23 | NOTE | |||
r-devel-windows-x86_64 | 1.5.1 | 42.00 | 136.00 | 178.00 | NOTE | |
r-patched-linux-x86_64 | 1.5.1 | 19.18 | 115.00 | 134.18 | OK | |
r-release-linux-x86_64 | 1.5.1 | 19.73 | 113.03 | 132.76 | OK | |
r-release-macos-arm64 | 1.5.1 | 54.00 | OK | |||
r-release-macos-x86_64 | 1.5.1 | 86.00 | OK | |||
r-release-windows-x86_64 | 1.5.1 | 33.00 | 139.00 | 172.00 | OK | |
r-oldrel-macos-arm64 | 1.5.1 | 59.00 | OK | |||
r-oldrel-macos-x86_64 | 1.5.1 | 101.00 | OK | |||
r-oldrel-windows-ix86+x86_64 | 1.5.1 | 46.00 | 187.00 | 233.00 | OK |
Version: 1.5.1
Check: Rd files
Result: NOTE
checkRd: (-1) frfast.Rd:172: Escaped LaTeX specials: \~
checkRd: (-1) globaltest.Rd:114: Escaped LaTeX specials: \~
checkRd: (-1) localtest.Rd:139: Escaped LaTeX specials: \~
Flavors: r-devel-linux-x86_64-debian-clang, r-devel-linux-x86_64-debian-gcc, r-devel-linux-x86_64-fedora-clang, r-devel-linux-x86_64-fedora-gcc, r-devel-windows-x86_64
Version: 1.5.1
Check: HTML version of manual
Result: NOTE
Found the following math rendering problems:
globaltest.Rd:97-98: Undefined control sequence: \emph in ...m{some}
\quad \emph{i}, \emph{j} \...
localtest.Rd:115-116: Undefined control sequence: \emph in ...{some}} \quad
\emph{i}, \emph{j} \...
Flavors: r-devel-linux-x86_64-debian-clang, r-devel-linux-x86_64-debian-gcc, r-devel-linux-x86_64-fedora-clang, r-devel-linux-x86_64-fedora-gcc